{"id":1259,"date":"2024-08-02T11:16:37","date_gmt":"2024-08-02T09:16:37","guid":{"rendered":"https:\/\/anjaunivers.dk.test01.webtohosting.dk\/?page_id=1259"},"modified":"2024-10-02T13:46:24","modified_gmt":"2024-10-02T11:46:24","slug":"mode-beauty","status":"publish","type":"page","link":"https:\/\/anjaekstroem.dk\/es\/belleza-de-la-moda\/","title":{"rendered":"Moda y belleza"},"content":{"rendered":"<div data-elementor-type=\"wp-page\" data-elementor-id=\"1259\" class=\"elementor elementor-1259\" data-elementor-post-type=\"page\">\n\t\t\t\t\t\t<section class=\"elementor-section elementor-top-section elementor-element elementor-element-68ba63c0 elementor-section-boxed elementor-section-height-default elementor-section-height-default\" data-id=\"68ba63c0\" data-element_type=\"section\" data-settings=\"{&quot;background_background&quot;:&quot;gradient&quot;}\">\n\t\t\t\t\t\t<div class=\"elementor-container elementor-column-gap-default\">\n\t\t\t\t\t<div class=\"elementor-column elementor-col-100 elementor-top-column elementor-element elementor-element-24a37f5b\" data-id=\"24a37f5b\" data-element_type=\"column\">\n\t\t\t<div class=\"elementor-widget-wrap elementor-element-populated\">\n\t\t\t\t\t\t<div class=\"elementor-element elementor-element-62f68efe elementor-widget elementor-widget-heading\" data-id=\"62f68efe\" data-element_type=\"widget\" data-widget_type=\"heading.default\">\n\t\t\t\t<div class=\"elementor-widget-container\">\n\t\t\t<h1 class=\"elementor-heading-title elementor-size-default\">Moda y Belleza | <b style=\"font-weight:700\">fot\u00f3grafo<\/b><\/h1>\t\t<\/div>\n\t\t\t\t<\/div>\n\t\t\t\t<section class=\"elementor-section elementor-inner-section elementor-element elementor-element-acc2a73 elementor-section-boxed elementor-section-height-default elementor-section-height-default\" data-id=\"acc2a73\" data-element_type=\"section\">\n\t\t\t\t\t\t<div class=\"elementor-container elementor-column-gap-default\">\n\t\t\t\t\t<div class=\"elementor-column elementor-col-50 elementor-inner-column elementor-element elementor-element-7623f95\" data-id=\"7623f95\" data-element_type=\"column\">\n\t\t\t<div class=\"elementor-widget-wrap elementor-element-populated\">\n\t\t\t\t\t\t<div class=\"elementor-element elementor-element-6dcfaf6 elementor-cta--skin-cover elementor-cta--valign-bottom elementor-bg-transform elementor-bg-transform-move-up elementor-animated-content elementor-widget elementor-widget-call-to-action\" data-id=\"6dcfaf6\" data-element_type=\"widget\" data-widget_type=\"call-to-action.default\">\n\t\t\t\t<div class=\"elementor-widget-container\">\n\t\t\t\t\t<a class=\"elementor-cta\" href=\"https:\/\/anjaekstroem.dk\/es\/fotografo-de-moda\/\">\n\t\t\t\t\t<div class=\"elementor-cta__bg-wrapper\">\n\t\t\t\t<div class=\"elementor-cta__bg elementor-bg\" style=\"background-image: url(https:\/\/anjaekstroem.dk\/wp-content\/uploads\/2024\/05\/20230929-20230929-_dsc2700.jpg);\" role=\"img\" aria-label=\"20230929-20230929-_DSC2700\"><\/div>\n\t\t\t\t<div class=\"elementor-cta__bg-overlay\"><\/div>\n\t\t\t<\/div>\n\t\t\t\t\t\t\t<div class=\"elementor-cta__content\">\n\t\t\t\t\n\t\t\t\t\t\t\t\t\t<h2 class=\"elementor-cta__title elementor-cta__content-item elementor-content-item elementor-animated-item--move-right\">\n\t\t\t\t\t\tReuni\u00f3n\t\t\t\t\t<\/h2>\n\t\t\t\t\n\t\t\t\t\t\t\t\t\t<div class=\"elementor-cta__description elementor-cta__content-item elementor-content-item elementor-animated-item--move-right\">\n\t\t\t\t\t\tEn las im\u00e1genes de moda, son la ropa, los zapatos, el bolso, las joyas los que juegan el papel principal. Aqu\u00ed, el dise\u00f1o, los colores y los textiles deben contar la historia y el modelo y el estilo deben, con su apariencia y pose, dar vida a tu visi\u00f3n.\t\t\t\t\t<\/div>\n\t\t\t\t\n\t\t\t\t\t\t\t<\/div>\n\t\t\t\t\t\t<\/a>\n\t\t\t\t<\/div>\n\t\t\t\t<\/div>\n\t\t\t\t\t<\/div>\n\t\t<\/div>\n\t\t\t\t<div class=\"elementor-column elementor-col-50 elementor-inner-column elementor-element elementor-element-6930bce\" data-id=\"6930bce\" data-element_type=\"column\">\n\t\t\t<div class=\"elementor-widget-wrap elementor-element-populated\">\n\t\t\t\t\t\t<div class=\"elementor-element elementor-element-554886a elementor-cta--skin-cover elementor-cta--valign-bottom elementor-bg-transform elementor-bg-transform-move-up elementor-animated-content elementor-widget elementor-widget-call-to-action\" data-id=\"554886a\" data-element_type=\"widget\" data-widget_type=\"call-to-action.default\">\n\t\t\t\t<div class=\"elementor-widget-container\">\n\t\t\t\t\t<a class=\"elementor-cta\" href=\"https:\/\/anjaekstroem.dk\/es\/fotografo-de-belleza\/\">\n\t\t\t\t\t<div class=\"elementor-cta__bg-wrapper\">\n\t\t\t\t<div class=\"elementor-cta__bg elementor-bg\" style=\"background-image: url(https:\/\/anjaekstroem.dk\/wp-content\/uploads\/2024\/04\/louise-meinhardt-bech-beauty1.jpg);\" role=\"img\" aria-label=\"louise-meinhardt-bech-belleza[1]\"><\/div>\n\t\t\t\t<div class=\"elementor-cta__bg-overlay\"><\/div>\n\t\t\t<\/div>\n\t\t\t\t\t\t\t<div class=\"elementor-cta__content\">\n\t\t\t\t\n\t\t\t\t\t\t\t\t\t<h2 class=\"elementor-cta__title elementor-cta__content-item elementor-content-item elementor-animated-item--move-right\">\n\t\t\t\t\t\tBelleza\t\t\t\t\t<\/h2>\n\t\t\t\t\n\t\t\t\t\t\t\t\t\t<div class=\"elementor-cta__description elementor-cta__content-item elementor-content-item elementor-animated-item--move-right\">\n\t\t\t\t\t\tCuando fotografiamos belleza, son los cosm\u00e9ticos, el cuidado de la piel, las pesta\u00f1as, etc. los que reciben la mayor atenci\u00f3n. Los colores, la textura, el efecto, la consistencia entran en juego y hay espacio para la creatividad siempre que la calidad y la est\u00e9tica sean primordiales. \t\t\t\t\t<\/div>\n\t\t\t\t\n\t\t\t\t\t\t\t<\/div>\n\t\t\t\t\t\t<\/a>\n\t\t\t\t<\/div>\n\t\t\t\t<\/div>\n\t\t\t\t\t<\/div>\n\t\t<\/div>\n\t\t\t\t\t<\/div>\n\t\t<\/section>\n\t\t\t\t\t<\/div>\n\t\t<\/div>\n\t\t\t\t\t<\/div>\n\t\t<\/section>\n\t\t\t\t<\/div>","protected":false},"excerpt":{"rendered":"<p>Moda y Belleza | Fot\u00f3grafo de Moda. En las fotos de moda, la ropa, los zapatos, los bolsos y las joyas son los protagonistas. Aqu\u00ed, el dise\u00f1o, los colores y los textiles deben contar la historia, y la modelo y el estilista deben, con su look y pose, dar vida a tu visi\u00f3n. Belleza. Cuando fotografiamos belleza, son los cosm\u00e9ticos, el cuidado de la piel, las pesta\u00f1as, etc., los que m\u00e1s [\u2026]<\/p>","protected":false},"author":7,"featured_media":0,"parent":0,"menu_order":0,"comment_status":"closed","ping_status":"closed","template":"","meta":{"_acf_changed":false,"iawp_total_views":711,"footnotes":""},"class_list":["post-1259","page","type-page","status-publish","hentry"],"acf":[],"yoast_head":"<!-- This site is optimized with the Yoast SEO plugin v23.5 - https:\/\/yoast.com\/wordpress\/plugins\/seo\/ -->\n<title>Mode &amp; Beauty - Anja Ekstr\u00f8m Creative<\/title>\n<meta name=\"description\" content=\"Mode &amp; Beauty: Beauty fokuserer p\u00e5 kosmetik og hudpleje. Mode handler om design og mode. Som fotograf elsker jeg begge - det er min legeplads\" \/>\n<meta name=\"robots\" content=\"noindex, nofollow\" \/>\n<meta property=\"og:locale\" content=\"es_ES\" \/>\n<meta property=\"og:type\" content=\"article\" \/>\n<meta property=\"og:title\" content=\"Mode &amp; Beauty - Anja Ekstr\u00f8m Creative\" \/>\n<meta property=\"og:description\" content=\"Mode &amp; Beauty: Beauty fokuserer p\u00e5 kosmetik og hudpleje. Mode handler om design og mode. Som fotograf elsker jeg begge - det er min legeplads\" \/>\n<meta property=\"og:url\" content=\"https:\/\/anjaekstroem.dk\/es\/belleza-de-la-moda\/\" \/>\n<meta property=\"og:site_name\" content=\"Anja Ekstr\u00f8m Creative\" \/>\n<meta property=\"article:modified_time\" content=\"2024-10-02T11:46:24+00:00\" \/>\n<meta name=\"twitter:card\" content=\"summary_large_image\" \/>\n<meta name=\"twitter:label1\" content=\"Tiempo de lectura\" \/>\n\t<meta name=\"twitter:data1\" content=\"1 minuto\" \/>\n<script type=\"application\/ld+json\" class=\"yoast-schema-graph\">{\"@context\":\"https:\/\/schema.org\",\"@graph\":[{\"@type\":\"WebPage\",\"@id\":\"https:\/\/anjaekstroem.dk\/mode-beauty\/\",\"url\":\"https:\/\/anjaekstroem.dk\/mode-beauty\/\",\"name\":\"Mode &amp; Beauty - Anja Ekstr\u00f8m Creative\",\"isPartOf\":{\"@id\":\"https:\/\/anjaekstroem.dk\/#website\"},\"datePublished\":\"2024-08-02T09:16:37+00:00\",\"dateModified\":\"2024-10-02T11:46:24+00:00\",\"description\":\"Mode & Beauty: Beauty fokuserer p\u00e5 kosmetik og hudpleje. Mode handler om design og mode. Som fotograf elsker jeg begge - det er min legeplads\",\"breadcrumb\":{\"@id\":\"https:\/\/anjaekstroem.dk\/mode-beauty\/#breadcrumb\"},\"inLanguage\":\"es\",\"potentialAction\":[{\"@type\":\"ReadAction\",\"target\":[\"https:\/\/anjaekstroem.dk\/mode-beauty\/\"]}]},{\"@type\":\"BreadcrumbList\",\"@id\":\"https:\/\/anjaekstroem.dk\/mode-beauty\/#breadcrumb\",\"itemListElement\":[{\"@type\":\"ListItem\",\"position\":1,\"name\":\"Hjem\",\"item\":\"https:\/\/anjaekstroem.dk\/\"},{\"@type\":\"ListItem\",\"position\":2,\"name\":\"Mode &amp; Beauty\"}]},{\"@type\":\"WebSite\",\"@id\":\"https:\/\/anjaekstroem.dk\/#website\",\"url\":\"https:\/\/anjaekstroem.dk\/\",\"name\":\"Anja Ekstr\u00f8m Creative\",\"description\":\"Fotograf med sj\u00e6l\",\"publisher\":{\"@id\":\"https:\/\/anjaekstroem.dk\/#organization\"},\"potentialAction\":[{\"@type\":\"SearchAction\",\"target\":{\"@type\":\"EntryPoint\",\"urlTemplate\":\"https:\/\/anjaekstroem.dk\/?s={search_term_string}\"},\"query-input\":{\"@type\":\"PropertyValueSpecification\",\"valueRequired\":true,\"valueName\":\"search_term_string\"}}],\"inLanguage\":\"es\"},{\"@type\":\"Organization\",\"@id\":\"https:\/\/anjaekstroem.dk\/#organization\",\"name\":\"Anja Ekstr\u00f8m Creative\",\"url\":\"https:\/\/anjaekstroem.dk\/\",\"logo\":{\"@type\":\"ImageObject\",\"inLanguage\":\"es\",\"@id\":\"https:\/\/anjaekstroem.dk\/#\/schema\/logo\/image\/\",\"url\":\"https:\/\/anjaekstroem.dk\/wp-content\/uploads\/2021\/10\/AnjaEkstroem-03.png\",\"contentUrl\":\"https:\/\/anjaekstroem.dk\/wp-content\/uploads\/2021\/10\/AnjaEkstroem-03.png\",\"width\":2560,\"height\":662,\"caption\":\"Anja Ekstr\u00f8m Creative\"},\"image\":{\"@id\":\"https:\/\/anjaekstroem.dk\/#\/schema\/logo\/image\/\"}}]}<\/script>\n<!-- \/ Yoast SEO plugin. -->","yoast_head_json":{"title":"Mode &amp; Beauty - Anja Ekstr\u00f8m Creative","description":"Mode & Beauty: Beauty fokuserer p\u00e5 kosmetik og hudpleje. Mode handler om design og mode. Som fotograf elsker jeg begge - det er min legeplads","robots":{"index":"noindex","follow":"nofollow"},"og_locale":"es_ES","og_type":"article","og_title":"Mode &amp; Beauty - Anja Ekstr\u00f8m Creative","og_description":"Mode & Beauty: Beauty fokuserer p\u00e5 kosmetik og hudpleje. Mode handler om design og mode. Som fotograf elsker jeg begge - det er min legeplads","og_url":"https:\/\/anjaekstroem.dk\/es\/belleza-de-la-moda\/","og_site_name":"Anja Ekstr\u00f8m Creative","article_modified_time":"2024-10-02T11:46:24+00:00","twitter_card":"summary_large_image","twitter_misc":{"Tiempo de lectura":"1 minuto"},"schema":{"@context":"https:\/\/schema.org","@graph":[{"@type":"WebPage","@id":"https:\/\/anjaekstroem.dk\/mode-beauty\/","url":"https:\/\/anjaekstroem.dk\/mode-beauty\/","name":"Mode &amp; Beauty - Anja Ekstr\u00f8m Creative","isPartOf":{"@id":"https:\/\/anjaekstroem.dk\/#website"},"datePublished":"2024-08-02T09:16:37+00:00","dateModified":"2024-10-02T11:46:24+00:00","description":"Mode & Beauty: Beauty fokuserer p\u00e5 kosmetik og hudpleje. Mode handler om design og mode. Som fotograf elsker jeg begge - det er min legeplads","breadcrumb":{"@id":"https:\/\/anjaekstroem.dk\/mode-beauty\/#breadcrumb"},"inLanguage":"es","potentialAction":[{"@type":"ReadAction","target":["https:\/\/anjaekstroem.dk\/mode-beauty\/"]}]},{"@type":"BreadcrumbList","@id":"https:\/\/anjaekstroem.dk\/mode-beauty\/#breadcrumb","itemListElement":[{"@type":"ListItem","position":1,"name":"Hjem","item":"https:\/\/anjaekstroem.dk\/"},{"@type":"ListItem","position":2,"name":"Mode &amp; Beauty"}]},{"@type":"WebSite","@id":"https:\/\/anjaekstroem.dk\/#website","url":"https:\/\/anjaekstroem.dk\/","name":"Anja Ekstr\u00f8m Creative","description":"Fotograf med sj\u00e6l","publisher":{"@id":"https:\/\/anjaekstroem.dk\/#organization"},"potentialAction":[{"@type":"SearchAction","target":{"@type":"EntryPoint","urlTemplate":"https:\/\/anjaekstroem.dk\/?s={search_term_string}"},"query-input":{"@type":"PropertyValueSpecification","valueRequired":true,"valueName":"search_term_string"}}],"inLanguage":"es"},{"@type":"Organization","@id":"https:\/\/anjaekstroem.dk\/#organization","name":"Anja Ekstr\u00f8m Creative","url":"https:\/\/anjaekstroem.dk\/","logo":{"@type":"ImageObject","inLanguage":"es","@id":"https:\/\/anjaekstroem.dk\/#\/schema\/logo\/image\/","url":"https:\/\/anjaekstroem.dk\/wp-content\/uploads\/2021\/10\/AnjaEkstroem-03.png","contentUrl":"https:\/\/anjaekstroem.dk\/wp-content\/uploads\/2021\/10\/AnjaEkstroem-03.png","width":2560,"height":662,"caption":"Anja Ekstr\u00f8m Creative"},"image":{"@id":"https:\/\/anjaekstroem.dk\/#\/schema\/logo\/image\/"}}]}},"_links":{"self":[{"href":"https:\/\/anjaekstroem.dk\/es\/wp-json\/wp\/v2\/pages\/1259","targetHints":{"allow":["GET"]}}],"collection":[{"href":"https:\/\/anjaekstroem.dk\/es\/wp-json\/wp\/v2\/pages"}],"about":[{"href":"https:\/\/anjaekstroem.dk\/es\/wp-json\/wp\/v2\/types\/page"}],"author":[{"embeddable":true,"href":"https:\/\/anjaekstroem.dk\/es\/wp-json\/wp\/v2\/users\/7"}],"replies":[{"embeddable":true,"href":"https:\/\/anjaekstroem.dk\/es\/wp-json\/wp\/v2\/comments?post=1259"}],"version-history":[{"count":29,"href":"https:\/\/anjaekstroem.dk\/es\/wp-json\/wp\/v2\/pages\/1259\/revisions"}],"predecessor-version":[{"id":6791,"href":"https:\/\/anjaekstroem.dk\/es\/wp-json\/wp\/v2\/pages\/1259\/revisions\/6791"}],"wp:attachment":[{"href":"https:\/\/anjaekstroem.dk\/es\/wp-json\/wp\/v2\/media?parent=1259"}],"curies":[{"name":"wp","href":"https:\/\/api.w.org\/{rel}","templated":true}]}}

<div data-elementor-type="wp-page" data-elementor-id="1259" class="elementor elementor-1259" data-elementor-post-type="page">
						<section class="elementor-section elementor-top-section elementor-element elementor-element-68ba63c0 elementor-section-boxed elementor-section-height-default elementor-section-height-default" data-id="68ba63c0" data-element_type="section" data-settings="{&quot;background_background&quot;:&quot;gradient&quot;}">
						<div class="elementor-container elementor-column-gap-default">
					<div class="elementor-column elementor-col-100 elementor-top-column elementor-element elementor-element-24a37f5b" data-id="24a37f5b" data-element_type="column">
			<div class="elementor-widget-wrap elementor-element-populated">
						<div class="elementor-element elementor-element-62f68efe elementor-widget elementor-widget-heading" data-id="62f68efe" data-element_type="widget" data-widget_type="heading.default">
				<div class="elementor-widget-container">
			<h1 class="elementor-heading-title elementor-size-default">Moda y Belleza | <b style="font-weight:700">fotógrafo</b></h1>		</div>
				</div>
				<section class="elementor-section elementor-inner-section elementor-element elementor-element-acc2a73 elementor-section-boxed elementor-section-height-default elementor-section-height-default" data-id="acc2a73" data-element_type="section">
						<div class="elementor-container elementor-column-gap-default">
					<div class="elementor-column elementor-col-50 elementor-inner-column elementor-element elementor-element-7623f95" data-id="7623f95" data-element_type="column">
			<div class="elementor-widget-wrap elementor-element-populated">
						<div class="elementor-element elementor-element-6dcfaf6 elementor-cta--skin-cover elementor-cta--valign-bottom elementor-bg-transform elementor-bg-transform-move-up elementor-animated-content elementor-widget elementor-widget-call-to-action" data-id="6dcfaf6" data-element_type="widget" data-widget_type="call-to-action.default">
				<div class="elementor-widget-container">
					<a class="elementor-cta" href="https://anjaekstroem.dk/es/fotografo-de-moda/">
					<div class="elementor-cta__bg-wrapper">
				<div class="elementor-cta__bg elementor-bg" style="background-image: url(https://anjaekstroem.dk/wp-content/uploads/2024/05/20230929-20230929-_dsc2700.jpg);" role="img" aria-label="20230929-20230929-_DSC2700"></div>
				<div class="elementor-cta__bg-overlay"></div>
			</div>
							<div class="elementor-cta__content">
				
									<h2 class="elementor-cta__title elementor-cta__content-item elementor-content-item elementor-animated-item--move-right">
						Reunión					</h2>
				
									<div class="elementor-cta__description elementor-cta__content-item elementor-content-item elementor-animated-item--move-right">
						En las imágenes de moda, son la ropa, los zapatos, el bolso, las joyas los que juegan el papel principal. Aquí, el diseño, los colores y los textiles deben contar la historia y el modelo y el estilo deben, con su apariencia y pose, dar vida a tu visión.					</div>
				
							</div>
						</a>
				</div>
				</div>
					</div>
		</div>
				<div class="elementor-column elementor-col-50 elementor-inner-column elementor-element elementor-element-6930bce" data-id="6930bce" data-element_type="column">
			<div class="elementor-widget-wrap elementor-element-populated">
						<div class="elementor-element elementor-element-554886a elementor-cta--skin-cover elementor-cta--valign-bottom elementor-bg-transform elementor-bg-transform-move-up elementor-animated-content elementor-widget elementor-widget-call-to-action" data-id="554886a" data-element_type="widget" data-widget_type="call-to-action.default">
				<div class="elementor-widget-container">
					<a class="elementor-cta" href="https://anjaekstroem.dk/es/fotografo-de-belleza/">
					<div class="elementor-cta__bg-wrapper">
				<div class="elementor-cta__bg elementor-bg" style="background-image: url(https://anjaekstroem.dk/wp-content/uploads/2024/04/louise-meinhardt-bech-beauty1.jpg);" role="img" aria-label="louise-meinhardt-bech-belleza[1]"></div>
				<div class="elementor-cta__bg-overlay"></div>
			</div>
							<div class="elementor-cta__content">
				
									<h2 class="elementor-cta__title elementor-cta__content-item elementor-content-item elementor-animated-item--move-right">
						Belleza					</h2>
				
									<div class="elementor-cta__description elementor-cta__content-item elementor-content-item elementor-animated-item--move-right">
						Cuando fotografiamos belleza, son los cosméticos, el cuidado de la piel, las pestañas, etc. los que reciben la mayor atención. Los colores, la textura, el efecto, la consistencia entran en juego y hay espacio para la creatividad siempre que la calidad y la estética sean primordiales. 					</div>
				
							</div>
						</a>
				</div>
				</div>
					</div>
		</div>
					</div>
		</section>
					</div>
		</div>
					</div>
		</section>
				</div>

<p>Moda y Belleza | Fotógrafo de Moda. En las fotos de moda, la ropa, los zapatos, los bolsos y las joyas son los protagonistas. Aquí, el diseño, los colores y los textiles deben contar la historia, y la modelo y el estilista deben, con su look y pose, dar vida a tu visión. Belleza. Cuando fotografiamos belleza, son los cosméticos, el cuidado de la piel, las pestañas, etc., los que más […]</p>

<!-- This site is optimized with the Yoast SEO plugin v23.5 - https://yoast.com/wordpress/plugins/seo/ -->
<title>Mode &amp; Beauty - Anja Ekstrøm Creative</title>
<meta name="description" content="Mode &amp; Beauty: Beauty fokuserer på kosmetik og hudpleje. Mode handler om design og mode. Som fotograf elsker jeg begge - det er min legeplads" />
<meta name="robots" content="noindex, nofollow" />
<meta property="og:locale" content="es_ES" />
<meta property="og:type" content="article" />
<meta property="og:title" content="Mode &amp; Beauty - Anja Ekstrøm Creative" />
<meta property="og:description" content="Mode &amp; Beauty: Beauty fokuserer på kosmetik og hudpleje. Mode handler om design og mode. Som fotograf elsker jeg begge - det er min legeplads" />
<meta property="og:url" content="https://anjaekstroem.dk/es/belleza-de-la-moda/" />
<meta property="og:site_name" content="Anja Ekstrøm Creative" />
<meta property="article:modified_time" content="2024-10-02T11:46:24+00:00" />
<meta name="twitter:card" content="summary_large_image" />
<meta name="twitter:label1" content="Tiempo de lectura" />
	<meta name="twitter:data1" content="1 minuto" />
<script type="application/ld+json" class="yoast-schema-graph">{"@context":"https://schema.org","@graph":[{"@type":"WebPage","@id":"https://anjaekstroem.dk/mode-beauty/","url":"https://anjaekstroem.dk/mode-beauty/","name":"Mode &amp; Beauty - Anja Ekstrøm Creative","isPartOf":{"@id":"https://anjaekstroem.dk/#website"},"datePublished":"2024-08-02T09:16:37+00:00","dateModified":"2024-10-02T11:46:24+00:00","description":"Mode & Beauty: Beauty fokuserer på kosmetik og hudpleje. Mode handler om design og mode. Som fotograf elsker jeg begge - det er min legeplads","breadcrumb":{"@id":"https://anjaekstroem.dk/mode-beauty/#breadcrumb"},"inLanguage":"es","potentialAction":[{"@type":"ReadAction","target":["https://anjaekstroem.dk/mode-beauty/"]}]},{"@type":"BreadcrumbList","@id":"https://anjaekstroem.dk/mode-beauty/#breadcrumb","itemListElement":[{"@type":"ListItem","position":1,"name":"Hjem","item":"https://anjaekstroem.dk/"},{"@type":"ListItem","position":2,"name":"Mode &amp; Beauty"}]},{"@type":"WebSite","@id":"https://anjaekstroem.dk/#website","url":"https://anjaekstroem.dk/","name":"Anja Ekstrøm Creative","description":"Fotograf med sjæl","publisher":{"@id":"https://anjaekstroem.dk/#organization"},"potentialAction":[{"@type":"SearchAction","target":{"@type":"EntryPoint","urlTemplate":"https://anjaekstroem.dk/?s={search_term_string}"},"query-input":{"@type":"PropertyValueSpecification","valueRequired":true,"valueName":"search_term_string"}}],"inLanguage":"es"},{"@type":"Organization","@id":"https://anjaekstroem.dk/#organization","name":"Anja Ekstrøm Creative","url":"https://anjaekstroem.dk/","logo":{"@type":"ImageObject","inLanguage":"es","@id":"https://anjaekstroem.dk/#/schema/logo/image/","url":"https://anjaekstroem.dk/wp-content/uploads/2021/10/AnjaEkstroem-03.png","contentUrl":"https://anjaekstroem.dk/wp-content/uploads/2021/10/AnjaEkstroem-03.png","width":2560,"height":662,"caption":"Anja Ekstrøm Creative"},"image":{"@id":"https://anjaekstroem.dk/#/schema/logo/image/"}}]}</script>
<!-- / Yoast SEO plugin. -->

Mode &amp; Beauty - Anja Ekstrøm Creative

Mode & Beauty: Beauty fokuserer på kosmetik og hudpleje. Mode handler om design og mode. Som fotograf elsker jeg begge - det er min legeplads

Anja Ekstrøm Creative

Fotograf med sjæl
