{"id":5941,"date":"2024-08-26T10:35:34","date_gmt":"2024-08-26T08:35:34","guid":{"rendered":"https:\/\/anjaunivers.dk.test01.webtohosting.dk\/?post_type=workshop&#038;p=5941"},"modified":"2025-07-06T20:15:37","modified_gmt":"2025-07-06T18:15:37","slug":"studiefotografi-laer-at-mestre-lys-og-udtryk","status":"publish","type":"workshop","link":"https:\/\/anjaekstroem.dk\/en\/workshop\/become-a-better-photographer-in-the-studio\/","title":{"rendered":"Studio Photography: Learn to Master Light and Expression"},"content":{"rendered":"<p>Do you want to learn how to work with studio lighting and create images that are professional, aesthetic and completely in your own style?<\/p><p>This course is for those of you who want to get started with studio photography \u2013 or those who have tried it a few times, but are still staggering in the dark (literally). You will get a complete handle on how studio light works, how to set it up, and how to guide the model\/client to obtain the right expression.<\/p><p>We work practically all the way through. You get to try it yourself with your own camera \u2013 surrounded by calm, support and honest feedback. No stupid questions, no tech talk for tech nerds \u2013 just concrete knowledge and lots of hands-on practice.<\/p><p>You go home with:<\/p><ul class=\"wp-block-list\"><li>Understanding how light creates moods and depth<\/li>\n\n<li>Techniques for working safely and creatively in the studio<\/li>\n\n<li>Images you can actually use to attract clients and be proud of<\/li>\n\n<li>What is a &quot;modifier&quot; and what do you use them for?<\/li>\n\n<li>How to set light for portraits EASILY?<\/li>\n\n<li>How do you create &quot;drama&quot; with light?<\/li>\n\n<li>What is a reflector and when is it used?<\/li>\n\n<li>Is it expensive to buy study lights?<\/li>\n\n<li>How many lamps do I need to buy to get started?<\/li>\n\n<li>\u2026.and much more.<\/li><\/ul><p><\/p><p>There is room for both beginners and intermediates \u2013 and most importantly: You don&#039;t need to know everything beforehand. <strong>Not<\/strong> to know all in advance, creates even more space to improve your skills<\/p><p>Just show up with a camera, curiosity and the desire to improve. I will introduce you to the world of studio lighting and teach you everything you need to get started yourself.<\/p><p>This workshop is the perfect mix between theory and practice. I first teach theoretically, then I show what I mean by doing a \u201clive shoot\u201d so you can see my theory being used in practice. Afterwards, it is YOU who has to pick up the camera \u2013 because you need to have it in your hands to get the full understanding.<\/p><p>You will get one-on-one time with a model so you can also practice instructing the model in posing and expression, etc.<\/p><p>My teaching takes place in a very &quot;non-technical&quot; language&nbsp;<strong>ALL<\/strong>&nbsp;can join \u2013 even the brand new photographer!<\/p><p>This is primarily a workshop about studio lighting for portraits, beauty, etc., but I present the use of colored light and spots. If more in-depth knowledge is desired, you should instead take the workshop that deals specifically with this.<\/p><p><strong>So grab the camera and let&#039;s get started!!<\/strong><\/p><p><\/p>","protected":false},"featured_media":6169,"template":"","meta":{"_acf_changed":true,"iawp_total_views":225},"categories":[],"class_list":["post-5941","workshop","type-workshop","status-publish","has-post-thumbnail","hentry"],"acf":[],"yoast_head":"<!-- This site is optimized with the Yoast SEO plugin v23.5 - https:\/\/yoast.com\/wordpress\/plugins\/seo\/ -->\n<title>Studiefotografi: L\u00e6r at mestre lys og udtryk - Anja Ekstr\u00f8m Creative<\/title>\n<meta name=\"description\" content=\"Studiefotografi - L\u00e6r at mestre lys og udtryk. En hel dag i studiet hvor du l\u00e6rer nogle nemme smukke lyss\u00e6tninger til portr\u00e6tter, beauty mfl.\" \/>\n<meta name=\"robots\" content=\"index, follow, max-snippet:-1, max-image-preview:large, max-video-preview:-1\" \/>\n<link rel=\"canonical\" href=\"https:\/\/anjaekstroem.dk\/en\/workshop\/become-a-better-photographer-in-the-studio\/\" \/>\n<meta property=\"og:locale\" content=\"en_GB\" \/>\n<meta property=\"og:type\" content=\"article\" \/>\n<meta property=\"og:title\" content=\"Studiefotografi: L\u00e6r at mestre lys og udtryk - Anja Ekstr\u00f8m Creative\" \/>\n<meta property=\"og:description\" content=\"Studiefotografi - L\u00e6r at mestre lys og udtryk. En hel dag i studiet hvor du l\u00e6rer nogle nemme smukke lyss\u00e6tninger til portr\u00e6tter, beauty mfl.\" \/>\n<meta property=\"og:url\" content=\"https:\/\/anjaekstroem.dk\/en\/workshop\/become-a-better-photographer-in-the-studio\/\" \/>\n<meta property=\"og:site_name\" content=\"Anja Ekstr\u00f8m Creative\" \/>\n<meta property=\"article:modified_time\" content=\"2025-07-06T18:15:37+00:00\" \/>\n<meta property=\"og:image\" content=\"https:\/\/anjaekstroem.dk\/wp-content\/uploads\/2023\/07\/20180328-Anjamedkamera1.png\" \/>\n\t<meta property=\"og:image:width\" content=\"2500\" \/>\n\t<meta property=\"og:image:height\" content=\"1932\" \/>\n\t<meta property=\"og:image:type\" content=\"image\/png\" \/>\n<meta name=\"twitter:card\" content=\"summary_large_image\" \/>\n<meta name=\"twitter:label1\" content=\"Estimated reading time\" \/>\n\t<meta name=\"twitter:data1\" content=\"3 minutes\" \/>\n<script type=\"application\/ld+json\" class=\"yoast-schema-graph\">{\"@context\":\"https:\/\/schema.org\",\"@graph\":[{\"@type\":\"WebPage\",\"@id\":\"https:\/\/anjaekstroem.dk\/workshop\/studiefotografi-laer-at-mestre-lys-og-udtryk\/\",\"url\":\"https:\/\/anjaekstroem.dk\/workshop\/studiefotografi-laer-at-mestre-lys-og-udtryk\/\",\"name\":\"Studiefotografi: L\u00e6r at mestre lys og udtryk - Anja Ekstr\u00f8m Creative\",\"isPartOf\":{\"@id\":\"https:\/\/anjaekstroem.dk\/#website\"},\"primaryImageOfPage\":{\"@id\":\"https:\/\/anjaekstroem.dk\/workshop\/studiefotografi-laer-at-mestre-lys-og-udtryk\/#primaryimage\"},\"image\":{\"@id\":\"https:\/\/anjaekstroem.dk\/workshop\/studiefotografi-laer-at-mestre-lys-og-udtryk\/#primaryimage\"},\"thumbnailUrl\":\"https:\/\/anjaekstroem.dk\/wp-content\/uploads\/2023\/07\/20180328-Anjamedkamera1.png\",\"datePublished\":\"2024-08-26T08:35:34+00:00\",\"dateModified\":\"2025-07-06T18:15:37+00:00\",\"description\":\"Studiefotografi - L\u00e6r at mestre lys og udtryk. En hel dag i studiet hvor du l\u00e6rer nogle nemme smukke lyss\u00e6tninger til portr\u00e6tter, beauty mfl.\",\"breadcrumb\":{\"@id\":\"https:\/\/anjaekstroem.dk\/workshop\/studiefotografi-laer-at-mestre-lys-og-udtryk\/#breadcrumb\"},\"inLanguage\":\"en-GB\",\"potentialAction\":[{\"@type\":\"ReadAction\",\"target\":[\"https:\/\/anjaekstroem.dk\/workshop\/studiefotografi-laer-at-mestre-lys-og-udtryk\/\"]}]},{\"@type\":\"ImageObject\",\"inLanguage\":\"en-GB\",\"@id\":\"https:\/\/anjaekstroem.dk\/workshop\/studiefotografi-laer-at-mestre-lys-og-udtryk\/#primaryimage\",\"url\":\"https:\/\/anjaekstroem.dk\/wp-content\/uploads\/2023\/07\/20180328-Anjamedkamera1.png\",\"contentUrl\":\"https:\/\/anjaekstroem.dk\/wp-content\/uploads\/2023\/07\/20180328-Anjamedkamera1.png\",\"width\":2500,\"height\":1932,\"caption\":\"OM fotograf Anja Ekstr\u00f8m\"},{\"@type\":\"BreadcrumbList\",\"@id\":\"https:\/\/anjaekstroem.dk\/workshop\/studiefotografi-laer-at-mestre-lys-og-udtryk\/#breadcrumb\",\"itemListElement\":[{\"@type\":\"ListItem\",\"position\":1,\"name\":\"Hjem\",\"item\":\"https:\/\/anjaekstroem.dk\/\"},{\"@type\":\"ListItem\",\"position\":2,\"name\":\"Studiefotografi: L\u00e6r at mestre lys og udtryk\"}]},{\"@type\":\"WebSite\",\"@id\":\"https:\/\/anjaekstroem.dk\/#website\",\"url\":\"https:\/\/anjaekstroem.dk\/\",\"name\":\"Anja Ekstr\u00f8m Creative\",\"description\":\"Fotograf med sj\u00e6l\",\"publisher\":{\"@id\":\"https:\/\/anjaekstroem.dk\/#organization\"},\"potentialAction\":[{\"@type\":\"SearchAction\",\"target\":{\"@type\":\"EntryPoint\",\"urlTemplate\":\"https:\/\/anjaekstroem.dk\/?s={search_term_string}\"},\"query-input\":{\"@type\":\"PropertyValueSpecification\",\"valueRequired\":true,\"valueName\":\"search_term_string\"}}],\"inLanguage\":\"en-GB\"},{\"@type\":\"Organization\",\"@id\":\"https:\/\/anjaekstroem.dk\/#organization\",\"name\":\"Anja Ekstr\u00f8m Creative\",\"url\":\"https:\/\/anjaekstroem.dk\/\",\"logo\":{\"@type\":\"ImageObject\",\"inLanguage\":\"en-GB\",\"@id\":\"https:\/\/anjaekstroem.dk\/#\/schema\/logo\/image\/\",\"url\":\"https:\/\/anjaekstroem.dk\/wp-content\/uploads\/2021\/10\/AnjaEkstroem-03.png\",\"contentUrl\":\"https:\/\/anjaekstroem.dk\/wp-content\/uploads\/2021\/10\/AnjaEkstroem-03.png\",\"width\":2560,\"height\":662,\"caption\":\"Anja Ekstr\u00f8m Creative\"},\"image\":{\"@id\":\"https:\/\/anjaekstroem.dk\/#\/schema\/logo\/image\/\"}}]}<\/script>\n<!-- \/ Yoast SEO plugin. -->","yoast_head_json":{"title":"Studiefotografi: L\u00e6r at mestre lys og udtryk - Anja Ekstr\u00f8m Creative","description":"Studiefotografi - L\u00e6r at mestre lys og udtryk. En hel dag i studiet hvor du l\u00e6rer nogle nemme smukke lyss\u00e6tninger til portr\u00e6tter, beauty mfl.","robots":{"index":"index","follow":"follow","max-snippet":"max-snippet:-1","max-image-preview":"max-image-preview:large","max-video-preview":"max-video-preview:-1"},"canonical":"https:\/\/anjaekstroem.dk\/en\/workshop\/become-a-better-photographer-in-the-studio\/","og_locale":"en_GB","og_type":"article","og_title":"Studiefotografi: L\u00e6r at mestre lys og udtryk - Anja Ekstr\u00f8m Creative","og_description":"Studiefotografi - L\u00e6r at mestre lys og udtryk. En hel dag i studiet hvor du l\u00e6rer nogle nemme smukke lyss\u00e6tninger til portr\u00e6tter, beauty mfl.","og_url":"https:\/\/anjaekstroem.dk\/en\/workshop\/become-a-better-photographer-in-the-studio\/","og_site_name":"Anja Ekstr\u00f8m Creative","article_modified_time":"2025-07-06T18:15:37+00:00","og_image":[{"width":2500,"height":1932,"url":"https:\/\/anjaekstroem.dk\/wp-content\/uploads\/2023\/07\/20180328-Anjamedkamera1.png","type":"image\/png"}],"twitter_card":"summary_large_image","twitter_misc":{"Estimated reading time":"3 minutes"},"schema":{"@context":"https:\/\/schema.org","@graph":[{"@type":"WebPage","@id":"https:\/\/anjaekstroem.dk\/workshop\/studiefotografi-laer-at-mestre-lys-og-udtryk\/","url":"https:\/\/anjaekstroem.dk\/workshop\/studiefotografi-laer-at-mestre-lys-og-udtryk\/","name":"Studiefotografi: L\u00e6r at mestre lys og udtryk - Anja Ekstr\u00f8m Creative","isPartOf":{"@id":"https:\/\/anjaekstroem.dk\/#website"},"primaryImageOfPage":{"@id":"https:\/\/anjaekstroem.dk\/workshop\/studiefotografi-laer-at-mestre-lys-og-udtryk\/#primaryimage"},"image":{"@id":"https:\/\/anjaekstroem.dk\/workshop\/studiefotografi-laer-at-mestre-lys-og-udtryk\/#primaryimage"},"thumbnailUrl":"https:\/\/anjaekstroem.dk\/wp-content\/uploads\/2023\/07\/20180328-Anjamedkamera1.png","datePublished":"2024-08-26T08:35:34+00:00","dateModified":"2025-07-06T18:15:37+00:00","description":"Studiefotografi - L\u00e6r at mestre lys og udtryk. En hel dag i studiet hvor du l\u00e6rer nogle nemme smukke lyss\u00e6tninger til portr\u00e6tter, beauty mfl.","breadcrumb":{"@id":"https:\/\/anjaekstroem.dk\/workshop\/studiefotografi-laer-at-mestre-lys-og-udtryk\/#breadcrumb"},"inLanguage":"en-GB","potentialAction":[{"@type":"ReadAction","target":["https:\/\/anjaekstroem.dk\/workshop\/studiefotografi-laer-at-mestre-lys-og-udtryk\/"]}]},{"@type":"ImageObject","inLanguage":"en-GB","@id":"https:\/\/anjaekstroem.dk\/workshop\/studiefotografi-laer-at-mestre-lys-og-udtryk\/#primaryimage","url":"https:\/\/anjaekstroem.dk\/wp-content\/uploads\/2023\/07\/20180328-Anjamedkamera1.png","contentUrl":"https:\/\/anjaekstroem.dk\/wp-content\/uploads\/2023\/07\/20180328-Anjamedkamera1.png","width":2500,"height":1932,"caption":"OM fotograf Anja Ekstr\u00f8m"},{"@type":"BreadcrumbList","@id":"https:\/\/anjaekstroem.dk\/workshop\/studiefotografi-laer-at-mestre-lys-og-udtryk\/#breadcrumb","itemListElement":[{"@type":"ListItem","position":1,"name":"Hjem","item":"https:\/\/anjaekstroem.dk\/"},{"@type":"ListItem","position":2,"name":"Studiefotografi: L\u00e6r at mestre lys og udtryk"}]},{"@type":"WebSite","@id":"https:\/\/anjaekstroem.dk\/#website","url":"https:\/\/anjaekstroem.dk\/","name":"Anja Ekstr\u00f8m Creative","description":"Fotograf med sj\u00e6l","publisher":{"@id":"https:\/\/anjaekstroem.dk\/#organization"},"potentialAction":[{"@type":"SearchAction","target":{"@type":"EntryPoint","urlTemplate":"https:\/\/anjaekstroem.dk\/?s={search_term_string}"},"query-input":{"@type":"PropertyValueSpecification","valueRequired":true,"valueName":"search_term_string"}}],"inLanguage":"en-GB"},{"@type":"Organization","@id":"https:\/\/anjaekstroem.dk\/#organization","name":"Anja Ekstr\u00f8m Creative","url":"https:\/\/anjaekstroem.dk\/","logo":{"@type":"ImageObject","inLanguage":"en-GB","@id":"https:\/\/anjaekstroem.dk\/#\/schema\/logo\/image\/","url":"https:\/\/anjaekstroem.dk\/wp-content\/uploads\/2021\/10\/AnjaEkstroem-03.png","contentUrl":"https:\/\/anjaekstroem.dk\/wp-content\/uploads\/2021\/10\/AnjaEkstroem-03.png","width":2560,"height":662,"caption":"Anja Ekstr\u00f8m Creative"},"image":{"@id":"https:\/\/anjaekstroem.dk\/#\/schema\/logo\/image\/"}}]}},"_links":{"self":[{"href":"https:\/\/anjaekstroem.dk\/en\/wp-json\/wp\/v2\/workshop\/5941","targetHints":{"allow":["GET"]}}],"collection":[{"href":"https:\/\/anjaekstroem.dk\/en\/wp-json\/wp\/v2\/workshop"}],"about":[{"href":"https:\/\/anjaekstroem.dk\/en\/wp-json\/wp\/v2\/types\/workshop"}],"wp:featuredmedia":[{"embeddable":true,"href":"https:\/\/anjaekstroem.dk\/en\/wp-json\/wp\/v2\/media\/6169"}],"wp:attachment":[{"href":"https:\/\/anjaekstroem.dk\/en\/wp-json\/wp\/v2\/media?parent=5941"}],"wp:term":[{"taxonomy":"category","embeddable":true,"href":"https:\/\/anjaekstroem.dk\/en\/wp-json\/wp\/v2\/categories?post=5941"}],"curies":[{"name":"wp","href":"https:\/\/api.w.org\/{rel}","templated":true}]}}

<!-- This site is optimized with the Yoast SEO plugin v23.5 - https://yoast.com/wordpress/plugins/seo/ -->
<title>Studiefotografi: Lær at mestre lys og udtryk - Anja Ekstrøm Creative</title>
<meta name="description" content="Studiefotografi - Lær at mestre lys og udtryk. En hel dag i studiet hvor du lærer nogle nemme smukke lyssætninger til portrætter, beauty mfl." />
<meta name="robots" content="index, follow, max-snippet:-1, max-image-preview:large, max-video-preview:-1" />
<link rel="canonical" href="https://anjaekstroem.dk/en/workshop/become-a-better-photographer-in-the-studio/" />
<meta property="og:locale" content="en_GB" />
<meta property="og:type" content="article" />
<meta property="og:title" content="Studiefotografi: Lær at mestre lys og udtryk - Anja Ekstrøm Creative" />
<meta property="og:description" content="Studiefotografi - Lær at mestre lys og udtryk. En hel dag i studiet hvor du lærer nogle nemme smukke lyssætninger til portrætter, beauty mfl." />
<meta property="og:url" content="https://anjaekstroem.dk/en/workshop/become-a-better-photographer-in-the-studio/" />
<meta property="og:site_name" content="Anja Ekstrøm Creative" />
<meta property="article:modified_time" content="2025-07-06T18:15:37+00:00" />
<meta property="og:image" content="https://anjaekstroem.dk/wp-content/uploads/2023/07/20180328-Anjamedkamera1.png" />
	<meta property="og:image:width" content="2500" />
	<meta property="og:image:height" content="1932" />
	<meta property="og:image:type" content="image/png" />
<meta name="twitter:card" content="summary_large_image" />
<meta name="twitter:label1" content="Estimated reading time" />
	<meta name="twitter:data1" content="3 minutes" />
<script type="application/ld+json" class="yoast-schema-graph">{"@context":"https://schema.org","@graph":[{"@type":"WebPage","@id":"https://anjaekstroem.dk/workshop/studiefotografi-laer-at-mestre-lys-og-udtryk/","url":"https://anjaekstroem.dk/workshop/studiefotografi-laer-at-mestre-lys-og-udtryk/","name":"Studiefotografi: Lær at mestre lys og udtryk - Anja Ekstrøm Creative","isPartOf":{"@id":"https://anjaekstroem.dk/#website"},"primaryImageOfPage":{"@id":"https://anjaekstroem.dk/workshop/studiefotografi-laer-at-mestre-lys-og-udtryk/#primaryimage"},"image":{"@id":"https://anjaekstroem.dk/workshop/studiefotografi-laer-at-mestre-lys-og-udtryk/#primaryimage"},"thumbnailUrl":"https://anjaekstroem.dk/wp-content/uploads/2023/07/20180328-Anjamedkamera1.png","datePublished":"2024-08-26T08:35:34+00:00","dateModified":"2025-07-06T18:15:37+00:00","description":"Studiefotografi - Lær at mestre lys og udtryk. En hel dag i studiet hvor du lærer nogle nemme smukke lyssætninger til portrætter, beauty mfl.","breadcrumb":{"@id":"https://anjaekstroem.dk/workshop/studiefotografi-laer-at-mestre-lys-og-udtryk/#breadcrumb"},"inLanguage":"en-GB","potentialAction":[{"@type":"ReadAction","target":["https://anjaekstroem.dk/workshop/studiefotografi-laer-at-mestre-lys-og-udtryk/"]}]},{"@type":"ImageObject","inLanguage":"en-GB","@id":"https://anjaekstroem.dk/workshop/studiefotografi-laer-at-mestre-lys-og-udtryk/#primaryimage","url":"https://anjaekstroem.dk/wp-content/uploads/2023/07/20180328-Anjamedkamera1.png","contentUrl":"https://anjaekstroem.dk/wp-content/uploads/2023/07/20180328-Anjamedkamera1.png","width":2500,"height":1932,"caption":"OM fotograf Anja Ekstrøm"},{"@type":"BreadcrumbList","@id":"https://anjaekstroem.dk/workshop/studiefotografi-laer-at-mestre-lys-og-udtryk/#breadcrumb","itemListElement":[{"@type":"ListItem","position":1,"name":"Hjem","item":"https://anjaekstroem.dk/"},{"@type":"ListItem","position":2,"name":"Studiefotografi: Lær at mestre lys og udtryk"}]},{"@type":"WebSite","@id":"https://anjaekstroem.dk/#website","url":"https://anjaekstroem.dk/","name":"Anja Ekstrøm Creative","description":"Fotograf med sjæl","publisher":{"@id":"https://anjaekstroem.dk/#organization"},"potentialAction":[{"@type":"SearchAction","target":{"@type":"EntryPoint","urlTemplate":"https://anjaekstroem.dk/?s={search_term_string}"},"query-input":{"@type":"PropertyValueSpecification","valueRequired":true,"valueName":"search_term_string"}}],"inLanguage":"en-GB"},{"@type":"Organization","@id":"https://anjaekstroem.dk/#organization","name":"Anja Ekstrøm Creative","url":"https://anjaekstroem.dk/","logo":{"@type":"ImageObject","inLanguage":"en-GB","@id":"https://anjaekstroem.dk/#/schema/logo/image/","url":"https://anjaekstroem.dk/wp-content/uploads/2021/10/AnjaEkstroem-03.png","contentUrl":"https://anjaekstroem.dk/wp-content/uploads/2021/10/AnjaEkstroem-03.png","width":2560,"height":662,"caption":"Anja Ekstrøm Creative"},"image":{"@id":"https://anjaekstroem.dk/#/schema/logo/image/"}}]}</script>
<!-- / Yoast SEO plugin. -->

Studiefotografi: Lær at mestre lys og udtryk - Anja Ekstrøm Creative

Studiefotografi - Lær at mestre lys og udtryk. En hel dag i studiet hvor du lærer nogle nemme smukke lyssætninger til portrætter, beauty mfl.

Anja Ekstrøm Creative

OM fotograf Anja Ekstrøm

Studiefotografi: Lær at mestre lys og udtryk

Fotograf med sjæl
