{"id":12175,"date":"2025-07-10T20:53:59","date_gmt":"2025-07-10T18:53:59","guid":{"rendered":"https:\/\/anjaekstroem.dk\/?post_type=workshop&#038;p=12175"},"modified":"2025-11-16T22:52:55","modified_gmt":"2025-11-16T20:52:55","slug":"pop-up-workshop-2-i-1-kreativ-beauty-farvet-lys","status":"publish","type":"workshop","link":"https:\/\/anjaekstroem.dk\/en\/workshop\/pop-up-workshop-2-in-1-creative-beauty-colored-light\/","title":{"rendered":"POP UP WORKSHOP \u2013 2 in 1: Creative Beauty &amp; Colored Light"},"content":{"rendered":"<p><strong>What can you expect?<\/strong><\/p><p>You get access to <strong>two workshops in one day<\/strong>, where we dive into:<\/p><ul class=\"wp-block-list\"><li><strong>Creative Beauty:<\/strong> We play with styling, colors, materials and beauty looks that stand out \u2013 you learn how to set the light, direct the model and get images with edge and expression.<\/li>\n\n<li><strong>Colored Light:<\/strong> You will gain hands-on experience building set-ups with colored gels, creating contrasts, dramatic effects and soft transitions that give your images a very special atmosphere.<\/li><\/ul><p><\/p><p>It&#039;s all wrapped up in a relaxed, creative atmosphere, where you are guided step by step, while also getting plenty of time behind the camera.<\/p><p><strong>A small team \u2013 big opportunities<\/strong><\/p><p>This POP UP WORKSHOP is only for <strong>a small, exclusive team<\/strong>.<br>We will stay <strong>max. 4-5 participants<\/strong>, so you are guaranteed plenty of time, personal feedback and the opportunity to ask questions throughout.<\/p><p>There is room here to experiment \u2013 and to delve into the details.<\/p><p>No stress, no large groups, no waiting. Just good energy, shared sparring and lots of inspiration.<\/p><p><strong>An extraordinary opportunity \u2013 2 workshops in 1 day (and at a discount!)<\/strong><\/p><p>Normally you would have to book two separate workshops to get the full package \u2013 but this POP UP WORKSHOP gives you <strong>two in one<\/strong>, all in one day and even for a <strong>extraordinary discount price<\/strong>.<\/p><p>This means more value, more learning \u2013 and less expense.<\/p><p>It&#039;s my way of celebrating community, curiosity and creative play with those of you who dare to try something new.<\/p><p><strong>Is it for you?<\/strong><\/p><p>This workshop is for you who:<\/p><ul class=\"wp-block-list\"><li>Loves playing with light, colors and expressions<\/li>\n\n<li>You love beautiful beauty pictures like the ones you see in magazines, but don&#039;t quite know how to approach it<\/li>\n\n<li>Want to learn how to create unique beauty shots with lots of edge?<\/li>\n\n<li>Ready to try something new in a safe environment<\/li>\n\n<li>Want direct sparring with me \u2013 and a small community of like-minded people who are passionate about photography<\/li><\/ul><p><\/p><p><strong>Registration<\/strong>:<\/p><p>Are you ready to take your photography skills to the next level \u2013 with me and a small team of creative enthusiasts?<\/p><p>So hurry up and secure your spot \u2013 there are only a few and they go fast!<\/p><p>I&#039;m looking forward to a day of play, light and pictures that will be anything but boring!<\/p>","protected":false},"featured_media":10281,"template":"","meta":{"_acf_changed":false,"iawp_total_views":1539},"categories":[37,38],"class_list":["post-12175","workshop","type-workshop","status-publish","has-post-thumbnail","hentry","category-academy","category-workshop"],"acf":[],"yoast_head":"<!-- This site is optimized with the Yoast SEO plugin v23.5 - https:\/\/yoast.com\/wordpress\/plugins\/seo\/ -->\n<title>POP UP WORKSHOP - 2 i 1: Kreativ Beauty &amp; Farvet lys - Anja Ekstr\u00f8m Creative<\/title>\n<meta name=\"description\" content=\"POP UP WORKSHOP - 2 i 1 - Kreativ Beauty &amp; Farvet lys. Du f\u00e5r mine to mest solgte workshops p\u00e5 EN DAG! Fotografer! S\u00e5 er det NU!\" \/>\n<meta name=\"robots\" content=\"index, follow, max-snippet:-1, max-image-preview:large, max-video-preview:-1\" \/>\n<link rel=\"canonical\" href=\"https:\/\/anjaekstroem.dk\/en\/workshop\/pop-up-workshop-2-in-1-creative-beauty-colored-light\/\" \/>\n<meta property=\"og:locale\" content=\"en_GB\" \/>\n<meta property=\"og:type\" content=\"article\" \/>\n<meta property=\"og:title\" content=\"POP UP WORKSHOP - 2 i 1: Kreativ Beauty &amp; Farvet lys - Anja Ekstr\u00f8m Creative\" \/>\n<meta property=\"og:description\" content=\"POP UP WORKSHOP - 2 i 1 - Kreativ Beauty &amp; Farvet lys. Du f\u00e5r mine to mest solgte workshops p\u00e5 EN DAG! Fotografer! S\u00e5 er det NU!\" \/>\n<meta property=\"og:url\" content=\"https:\/\/anjaekstroem.dk\/en\/workshop\/pop-up-workshop-2-in-1-creative-beauty-colored-light\/\" \/>\n<meta property=\"og:site_name\" content=\"Anja Ekstr\u00f8m Creative\" \/>\n<meta property=\"article:modified_time\" content=\"2025-11-16T20:52:55+00:00\" \/>\n<meta property=\"og:image\" content=\"https:\/\/anjaekstroem.dk\/wp-content\/uploads\/2024\/10\/20190515-Anneli0149-scaled-1.jpg\" \/>\n\t<meta property=\"og:image:width\" content=\"2560\" \/>\n\t<meta property=\"og:image:height\" content=\"1707\" \/>\n\t<meta property=\"og:image:type\" content=\"image\/jpeg\" \/>\n<meta name=\"twitter:card\" content=\"summary_large_image\" \/>\n<meta name=\"twitter:label1\" content=\"Estimated reading time\" \/>\n\t<meta name=\"twitter:data1\" content=\"3 minutes\" \/>\n<script type=\"application\/ld+json\" class=\"yoast-schema-graph\">{\"@context\":\"https:\/\/schema.org\",\"@graph\":[{\"@type\":\"WebPage\",\"@id\":\"https:\/\/anjaekstroem.dk\/workshop\/pop-up-workshop-2-i-1-kreativ-beauty-farvet-lys\/\",\"url\":\"https:\/\/anjaekstroem.dk\/workshop\/pop-up-workshop-2-i-1-kreativ-beauty-farvet-lys\/\",\"name\":\"POP UP WORKSHOP - 2 i 1: Kreativ Beauty &amp; Farvet lys - Anja Ekstr\u00f8m Creative\",\"isPartOf\":{\"@id\":\"https:\/\/anjaekstroem.dk\/#website\"},\"primaryImageOfPage\":{\"@id\":\"https:\/\/anjaekstroem.dk\/workshop\/pop-up-workshop-2-i-1-kreativ-beauty-farvet-lys\/#primaryimage\"},\"image\":{\"@id\":\"https:\/\/anjaekstroem.dk\/workshop\/pop-up-workshop-2-i-1-kreativ-beauty-farvet-lys\/#primaryimage\"},\"thumbnailUrl\":\"https:\/\/anjaekstroem.dk\/wp-content\/uploads\/2024\/10\/20190515-Anneli0149-scaled-1.jpg\",\"datePublished\":\"2025-07-10T18:53:59+00:00\",\"dateModified\":\"2025-11-16T20:52:55+00:00\",\"description\":\"POP UP WORKSHOP - 2 i 1 - Kreativ Beauty & Farvet lys. Du f\u00e5r mine to mest solgte workshops p\u00e5 EN DAG! Fotografer! S\u00e5 er det NU!\",\"breadcrumb\":{\"@id\":\"https:\/\/anjaekstroem.dk\/workshop\/pop-up-workshop-2-i-1-kreativ-beauty-farvet-lys\/#breadcrumb\"},\"inLanguage\":\"en-GB\",\"potentialAction\":[{\"@type\":\"ReadAction\",\"target\":[\"https:\/\/anjaekstroem.dk\/workshop\/pop-up-workshop-2-i-1-kreativ-beauty-farvet-lys\/\"]}]},{\"@type\":\"ImageObject\",\"inLanguage\":\"en-GB\",\"@id\":\"https:\/\/anjaekstroem.dk\/workshop\/pop-up-workshop-2-i-1-kreativ-beauty-farvet-lys\/#primaryimage\",\"url\":\"https:\/\/anjaekstroem.dk\/wp-content\/uploads\/2024\/10\/20190515-Anneli0149-scaled-1.jpg\",\"contentUrl\":\"https:\/\/anjaekstroem.dk\/wp-content\/uploads\/2024\/10\/20190515-Anneli0149-scaled-1.jpg\",\"width\":2560,\"height\":1707},{\"@type\":\"BreadcrumbList\",\"@id\":\"https:\/\/anjaekstroem.dk\/workshop\/pop-up-workshop-2-i-1-kreativ-beauty-farvet-lys\/#breadcrumb\",\"itemListElement\":[{\"@type\":\"ListItem\",\"position\":1,\"name\":\"Hjem\",\"item\":\"https:\/\/anjaekstroem.dk\/\"},{\"@type\":\"ListItem\",\"position\":2,\"name\":\"POP UP WORKSHOP &#8211; 2 i 1: Kreativ Beauty &amp; Farvet lys\"}]},{\"@type\":\"WebSite\",\"@id\":\"https:\/\/anjaekstroem.dk\/#website\",\"url\":\"https:\/\/anjaekstroem.dk\/\",\"name\":\"Anja Ekstr\u00f8m Creative\",\"description\":\"Fotograf med sj\u00e6l\",\"publisher\":{\"@id\":\"https:\/\/anjaekstroem.dk\/#organization\"},\"potentialAction\":[{\"@type\":\"SearchAction\",\"target\":{\"@type\":\"EntryPoint\",\"urlTemplate\":\"https:\/\/anjaekstroem.dk\/?s={search_term_string}\"},\"query-input\":{\"@type\":\"PropertyValueSpecification\",\"valueRequired\":true,\"valueName\":\"search_term_string\"}}],\"inLanguage\":\"en-GB\"},{\"@type\":\"Organization\",\"@id\":\"https:\/\/anjaekstroem.dk\/#organization\",\"name\":\"Anja Ekstr\u00f8m Creative\",\"url\":\"https:\/\/anjaekstroem.dk\/\",\"logo\":{\"@type\":\"ImageObject\",\"inLanguage\":\"en-GB\",\"@id\":\"https:\/\/anjaekstroem.dk\/#\/schema\/logo\/image\/\",\"url\":\"https:\/\/anjaekstroem.dk\/wp-content\/uploads\/2021\/10\/AnjaEkstroem-03.png\",\"contentUrl\":\"https:\/\/anjaekstroem.dk\/wp-content\/uploads\/2021\/10\/AnjaEkstroem-03.png\",\"width\":2560,\"height\":662,\"caption\":\"Anja Ekstr\u00f8m Creative\"},\"image\":{\"@id\":\"https:\/\/anjaekstroem.dk\/#\/schema\/logo\/image\/\"}}]}<\/script>\n<!-- \/ Yoast SEO plugin. -->","yoast_head_json":{"title":"POP UP WORKSHOP - 2 i 1: Kreativ Beauty &amp; Farvet lys - Anja Ekstr\u00f8m Creative","description":"POP UP WORKSHOP - 2 i 1 - Kreativ Beauty & Farvet lys. Du f\u00e5r mine to mest solgte workshops p\u00e5 EN DAG! Fotografer! S\u00e5 er det NU!","robots":{"index":"index","follow":"follow","max-snippet":"max-snippet:-1","max-image-preview":"max-image-preview:large","max-video-preview":"max-video-preview:-1"},"canonical":"https:\/\/anjaekstroem.dk\/en\/workshop\/pop-up-workshop-2-in-1-creative-beauty-colored-light\/","og_locale":"en_GB","og_type":"article","og_title":"POP UP WORKSHOP - 2 i 1: Kreativ Beauty &amp; Farvet lys - Anja Ekstr\u00f8m Creative","og_description":"POP UP WORKSHOP - 2 i 1 - Kreativ Beauty & Farvet lys. Du f\u00e5r mine to mest solgte workshops p\u00e5 EN DAG! Fotografer! S\u00e5 er det NU!","og_url":"https:\/\/anjaekstroem.dk\/en\/workshop\/pop-up-workshop-2-in-1-creative-beauty-colored-light\/","og_site_name":"Anja Ekstr\u00f8m Creative","article_modified_time":"2025-11-16T20:52:55+00:00","og_image":[{"width":2560,"height":1707,"url":"https:\/\/anjaekstroem.dk\/wp-content\/uploads\/2024\/10\/20190515-Anneli0149-scaled-1.jpg","type":"image\/jpeg"}],"twitter_card":"summary_large_image","twitter_misc":{"Estimated reading time":"3 minutes"},"schema":{"@context":"https:\/\/schema.org","@graph":[{"@type":"WebPage","@id":"https:\/\/anjaekstroem.dk\/workshop\/pop-up-workshop-2-i-1-kreativ-beauty-farvet-lys\/","url":"https:\/\/anjaekstroem.dk\/workshop\/pop-up-workshop-2-i-1-kreativ-beauty-farvet-lys\/","name":"POP UP WORKSHOP - 2 i 1: Kreativ Beauty &amp; Farvet lys - Anja Ekstr\u00f8m Creative","isPartOf":{"@id":"https:\/\/anjaekstroem.dk\/#website"},"primaryImageOfPage":{"@id":"https:\/\/anjaekstroem.dk\/workshop\/pop-up-workshop-2-i-1-kreativ-beauty-farvet-lys\/#primaryimage"},"image":{"@id":"https:\/\/anjaekstroem.dk\/workshop\/pop-up-workshop-2-i-1-kreativ-beauty-farvet-lys\/#primaryimage"},"thumbnailUrl":"https:\/\/anjaekstroem.dk\/wp-content\/uploads\/2024\/10\/20190515-Anneli0149-scaled-1.jpg","datePublished":"2025-07-10T18:53:59+00:00","dateModified":"2025-11-16T20:52:55+00:00","description":"POP UP WORKSHOP - 2 i 1 - Kreativ Beauty & Farvet lys. Du f\u00e5r mine to mest solgte workshops p\u00e5 EN DAG! Fotografer! S\u00e5 er det NU!","breadcrumb":{"@id":"https:\/\/anjaekstroem.dk\/workshop\/pop-up-workshop-2-i-1-kreativ-beauty-farvet-lys\/#breadcrumb"},"inLanguage":"en-GB","potentialAction":[{"@type":"ReadAction","target":["https:\/\/anjaekstroem.dk\/workshop\/pop-up-workshop-2-i-1-kreativ-beauty-farvet-lys\/"]}]},{"@type":"ImageObject","inLanguage":"en-GB","@id":"https:\/\/anjaekstroem.dk\/workshop\/pop-up-workshop-2-i-1-kreativ-beauty-farvet-lys\/#primaryimage","url":"https:\/\/anjaekstroem.dk\/wp-content\/uploads\/2024\/10\/20190515-Anneli0149-scaled-1.jpg","contentUrl":"https:\/\/anjaekstroem.dk\/wp-content\/uploads\/2024\/10\/20190515-Anneli0149-scaled-1.jpg","width":2560,"height":1707},{"@type":"BreadcrumbList","@id":"https:\/\/anjaekstroem.dk\/workshop\/pop-up-workshop-2-i-1-kreativ-beauty-farvet-lys\/#breadcrumb","itemListElement":[{"@type":"ListItem","position":1,"name":"Hjem","item":"https:\/\/anjaekstroem.dk\/"},{"@type":"ListItem","position":2,"name":"POP UP WORKSHOP &#8211; 2 i 1: Kreativ Beauty &amp; Farvet lys"}]},{"@type":"WebSite","@id":"https:\/\/anjaekstroem.dk\/#website","url":"https:\/\/anjaekstroem.dk\/","name":"Anja Ekstr\u00f8m Creative","description":"Fotograf med sj\u00e6l","publisher":{"@id":"https:\/\/anjaekstroem.dk\/#organization"},"potentialAction":[{"@type":"SearchAction","target":{"@type":"EntryPoint","urlTemplate":"https:\/\/anjaekstroem.dk\/?s={search_term_string}"},"query-input":{"@type":"PropertyValueSpecification","valueRequired":true,"valueName":"search_term_string"}}],"inLanguage":"en-GB"},{"@type":"Organization","@id":"https:\/\/anjaekstroem.dk\/#organization","name":"Anja Ekstr\u00f8m Creative","url":"https:\/\/anjaekstroem.dk\/","logo":{"@type":"ImageObject","inLanguage":"en-GB","@id":"https:\/\/anjaekstroem.dk\/#\/schema\/logo\/image\/","url":"https:\/\/anjaekstroem.dk\/wp-content\/uploads\/2021\/10\/AnjaEkstroem-03.png","contentUrl":"https:\/\/anjaekstroem.dk\/wp-content\/uploads\/2021\/10\/AnjaEkstroem-03.png","width":2560,"height":662,"caption":"Anja Ekstr\u00f8m Creative"},"image":{"@id":"https:\/\/anjaekstroem.dk\/#\/schema\/logo\/image\/"}}]}},"_links":{"self":[{"href":"https:\/\/anjaekstroem.dk\/en\/wp-json\/wp\/v2\/workshop\/12175","targetHints":{"allow":["GET"]}}],"collection":[{"href":"https:\/\/anjaekstroem.dk\/en\/wp-json\/wp\/v2\/workshop"}],"about":[{"href":"https:\/\/anjaekstroem.dk\/en\/wp-json\/wp\/v2\/types\/workshop"}],"wp:featuredmedia":[{"embeddable":true,"href":"https:\/\/anjaekstroem.dk\/en\/wp-json\/wp\/v2\/media\/10281"}],"wp:attachment":[{"href":"https:\/\/anjaekstroem.dk\/en\/wp-json\/wp\/v2\/media?parent=12175"}],"wp:term":[{"taxonomy":"category","embeddable":true,"href":"https:\/\/anjaekstroem.dk\/en\/wp-json\/wp\/v2\/categories?post=12175"}],"curies":[{"name":"wp","href":"https:\/\/api.w.org\/{rel}","templated":true}]}}

<!-- This site is optimized with the Yoast SEO plugin v23.5 - https://yoast.com/wordpress/plugins/seo/ -->
<title>POP UP WORKSHOP - 2 i 1: Kreativ Beauty &amp; Farvet lys - Anja Ekstrøm Creative</title>
<meta name="description" content="POP UP WORKSHOP - 2 i 1 - Kreativ Beauty &amp; Farvet lys. Du får mine to mest solgte workshops på EN DAG! Fotografer! Så er det NU!" />
<meta name="robots" content="index, follow, max-snippet:-1, max-image-preview:large, max-video-preview:-1" />
<link rel="canonical" href="https://anjaekstroem.dk/en/workshop/pop-up-workshop-2-in-1-creative-beauty-colored-light/" />
<meta property="og:locale" content="en_GB" />
<meta property="og:type" content="article" />
<meta property="og:title" content="POP UP WORKSHOP - 2 i 1: Kreativ Beauty &amp; Farvet lys - Anja Ekstrøm Creative" />
<meta property="og:description" content="POP UP WORKSHOP - 2 i 1 - Kreativ Beauty &amp; Farvet lys. Du får mine to mest solgte workshops på EN DAG! Fotografer! Så er det NU!" />
<meta property="og:url" content="https://anjaekstroem.dk/en/workshop/pop-up-workshop-2-in-1-creative-beauty-colored-light/" />
<meta property="og:site_name" content="Anja Ekstrøm Creative" />
<meta property="article:modified_time" content="2025-11-16T20:52:55+00:00" />
<meta property="og:image" content="https://anjaekstroem.dk/wp-content/uploads/2024/10/20190515-Anneli0149-scaled-1.jpg" />
	<meta property="og:image:width" content="2560" />
	<meta property="og:image:height" content="1707" />
	<meta property="og:image:type" content="image/jpeg" />
<meta name="twitter:card" content="summary_large_image" />
<meta name="twitter:label1" content="Estimated reading time" />
	<meta name="twitter:data1" content="3 minutes" />
<script type="application/ld+json" class="yoast-schema-graph">{"@context":"https://schema.org","@graph":[{"@type":"WebPage","@id":"https://anjaekstroem.dk/workshop/pop-up-workshop-2-i-1-kreativ-beauty-farvet-lys/","url":"https://anjaekstroem.dk/workshop/pop-up-workshop-2-i-1-kreativ-beauty-farvet-lys/","name":"POP UP WORKSHOP - 2 i 1: Kreativ Beauty &amp; Farvet lys - Anja Ekstrøm Creative","isPartOf":{"@id":"https://anjaekstroem.dk/#website"},"primaryImageOfPage":{"@id":"https://anjaekstroem.dk/workshop/pop-up-workshop-2-i-1-kreativ-beauty-farvet-lys/#primaryimage"},"image":{"@id":"https://anjaekstroem.dk/workshop/pop-up-workshop-2-i-1-kreativ-beauty-farvet-lys/#primaryimage"},"thumbnailUrl":"https://anjaekstroem.dk/wp-content/uploads/2024/10/20190515-Anneli0149-scaled-1.jpg","datePublished":"2025-07-10T18:53:59+00:00","dateModified":"2025-11-16T20:52:55+00:00","description":"POP UP WORKSHOP - 2 i 1 - Kreativ Beauty & Farvet lys. Du får mine to mest solgte workshops på EN DAG! Fotografer! Så er det NU!","breadcrumb":{"@id":"https://anjaekstroem.dk/workshop/pop-up-workshop-2-i-1-kreativ-beauty-farvet-lys/#breadcrumb"},"inLanguage":"en-GB","potentialAction":[{"@type":"ReadAction","target":["https://anjaekstroem.dk/workshop/pop-up-workshop-2-i-1-kreativ-beauty-farvet-lys/"]}]},{"@type":"ImageObject","inLanguage":"en-GB","@id":"https://anjaekstroem.dk/workshop/pop-up-workshop-2-i-1-kreativ-beauty-farvet-lys/#primaryimage","url":"https://anjaekstroem.dk/wp-content/uploads/2024/10/20190515-Anneli0149-scaled-1.jpg","contentUrl":"https://anjaekstroem.dk/wp-content/uploads/2024/10/20190515-Anneli0149-scaled-1.jpg","width":2560,"height":1707},{"@type":"BreadcrumbList","@id":"https://anjaekstroem.dk/workshop/pop-up-workshop-2-i-1-kreativ-beauty-farvet-lys/#breadcrumb","itemListElement":[{"@type":"ListItem","position":1,"name":"Hjem","item":"https://anjaekstroem.dk/"},{"@type":"ListItem","position":2,"name":"POP UP WORKSHOP &#8211; 2 i 1: Kreativ Beauty &amp; Farvet lys"}]},{"@type":"WebSite","@id":"https://anjaekstroem.dk/#website","url":"https://anjaekstroem.dk/","name":"Anja Ekstrøm Creative","description":"Fotograf med sjæl","publisher":{"@id":"https://anjaekstroem.dk/#organization"},"potentialAction":[{"@type":"SearchAction","target":{"@type":"EntryPoint","urlTemplate":"https://anjaekstroem.dk/?s={search_term_string}"},"query-input":{"@type":"PropertyValueSpecification","valueRequired":true,"valueName":"search_term_string"}}],"inLanguage":"en-GB"},{"@type":"Organization","@id":"https://anjaekstroem.dk/#organization","name":"Anja Ekstrøm Creative","url":"https://anjaekstroem.dk/","logo":{"@type":"ImageObject","inLanguage":"en-GB","@id":"https://anjaekstroem.dk/#/schema/logo/image/","url":"https://anjaekstroem.dk/wp-content/uploads/2021/10/AnjaEkstroem-03.png","contentUrl":"https://anjaekstroem.dk/wp-content/uploads/2021/10/AnjaEkstroem-03.png","width":2560,"height":662,"caption":"Anja Ekstrøm Creative"},"image":{"@id":"https://anjaekstroem.dk/#/schema/logo/image/"}}]}</script>
<!-- / Yoast SEO plugin. -->

POP UP WORKSHOP - 2 i 1: Kreativ Beauty &amp; Farvet lys - Anja Ekstrøm Creative

POP UP WORKSHOP - 2 i 1 - Kreativ Beauty & Farvet lys. Du får mine to mest solgte workshops på EN DAG! Fotografer! Så er det NU!

Anja Ekstrøm Creative

Fotograf med sjæl
