{"id":6910,"date":"2024-09-18T06:52:19","date_gmt":"2024-09-18T04:52:19","guid":{"rendered":"https:\/\/anjaunivers.dk.test01.webtohosting.dk\/?post_type=cases&#038;p=6910"},"modified":"2024-09-30T11:30:33","modified_gmt":"2024-09-30T09:30:33","slug":"pilou-asbaek-pressebilleder-og-portraetter","status":"publish","type":"cases","link":"https:\/\/anjaekstroem.dk\/en\/cases\/pilou-asbaek-press-photos-and-portraits\/","title":{"rendered":"Pilou Asb\u00e6k \u2013 Press photos and portraits"},"content":{"rendered":"","protected":false},"featured_media":9566,"template":"","meta":{"_acf_changed":true,"iawp_total_views":181},"categories":[109],"class_list":["post-6910","cases","type-cases","status-publish","has-post-thumbnail","hentry","category-portraet"],"acf":[],"yoast_head":"<!-- This site is optimized with the Yoast SEO plugin v23.5 - https:\/\/yoast.com\/wordpress\/plugins\/seo\/ -->\n<title>Pilou Asb\u00e6k - Pressebilleder og portr\u00e6tter - Anja Ekstr\u00f8m Creative<\/title>\n<meta name=\"description\" content=\"Pilou Asb\u00e6k pressebilleder og portr\u00e6tter. En portr\u00e6tserie jeg er meget glad for, fordi den viser Pilou som mennesket bag det store talent.\" \/>\n<meta name=\"robots\" content=\"index, follow, max-snippet:-1, max-image-preview:large, max-video-preview:-1\" \/>\n<link rel=\"canonical\" href=\"https:\/\/anjaekstroem.dk\/en\/cases\/pilou-asbaek-press-photos-and-portraits\/\" \/>\n<meta property=\"og:locale\" content=\"en_GB\" \/>\n<meta property=\"og:type\" content=\"article\" \/>\n<meta property=\"og:title\" content=\"Pilou Asb\u00e6k - Pressebilleder og portr\u00e6tter - Anja Ekstr\u00f8m Creative\" \/>\n<meta property=\"og:description\" content=\"Pilou Asb\u00e6k pressebilleder og portr\u00e6tter. En portr\u00e6tserie jeg er meget glad for, fordi den viser Pilou som mennesket bag det store talent.\" \/>\n<meta property=\"og:url\" content=\"https:\/\/anjaekstroem.dk\/en\/cases\/pilou-asbaek-press-photos-and-portraits\/\" \/>\n<meta property=\"og:site_name\" content=\"Anja Ekstr\u00f8m Creative\" \/>\n<meta property=\"article:modified_time\" content=\"2024-09-30T09:30:33+00:00\" \/>\n<meta property=\"og:image\" content=\"https:\/\/anjaekstroem.dk\/wp-content\/uploads\/2024\/09\/Hero-1-2048x1354xxxx.png\" \/>\n\t<meta property=\"og:image:width\" content=\"1600\" \/>\n\t<meta property=\"og:image:height\" content=\"1058\" \/>\n\t<meta property=\"og:image:type\" content=\"image\/png\" \/>\n<meta name=\"twitter:card\" content=\"summary_large_image\" \/>\n<meta name=\"twitter:label1\" content=\"Estimated reading time\" \/>\n\t<meta name=\"twitter:data1\" content=\"1 minute\" \/>\n<script type=\"application\/ld+json\" class=\"yoast-schema-graph\">{\"@context\":\"https:\/\/schema.org\",\"@graph\":[{\"@type\":\"WebPage\",\"@id\":\"https:\/\/anjaekstroem.dk\/cases\/pilou-asbaek-pressebilleder-og-portraetter\/\",\"url\":\"https:\/\/anjaekstroem.dk\/cases\/pilou-asbaek-pressebilleder-og-portraetter\/\",\"name\":\"Pilou Asb\u00e6k - Pressebilleder og portr\u00e6tter - Anja Ekstr\u00f8m Creative\",\"isPartOf\":{\"@id\":\"https:\/\/anjaekstroem.dk\/#website\"},\"primaryImageOfPage\":{\"@id\":\"https:\/\/anjaekstroem.dk\/cases\/pilou-asbaek-pressebilleder-og-portraetter\/#primaryimage\"},\"image\":{\"@id\":\"https:\/\/anjaekstroem.dk\/cases\/pilou-asbaek-pressebilleder-og-portraetter\/#primaryimage\"},\"thumbnailUrl\":\"https:\/\/anjaekstroem.dk\/wp-content\/uploads\/2024\/09\/Hero-1-2048x1354xxxx.png\",\"datePublished\":\"2024-09-18T04:52:19+00:00\",\"dateModified\":\"2024-09-30T09:30:33+00:00\",\"description\":\"Pilou Asb\u00e6k pressebilleder og portr\u00e6tter. En portr\u00e6tserie jeg er meget glad for, fordi den viser Pilou som mennesket bag det store talent.\",\"breadcrumb\":{\"@id\":\"https:\/\/anjaekstroem.dk\/cases\/pilou-asbaek-pressebilleder-og-portraetter\/#breadcrumb\"},\"inLanguage\":\"en-GB\",\"potentialAction\":[{\"@type\":\"ReadAction\",\"target\":[\"https:\/\/anjaekstroem.dk\/cases\/pilou-asbaek-pressebilleder-og-portraetter\/\"]}]},{\"@type\":\"ImageObject\",\"inLanguage\":\"en-GB\",\"@id\":\"https:\/\/anjaekstroem.dk\/cases\/pilou-asbaek-pressebilleder-og-portraetter\/#primaryimage\",\"url\":\"https:\/\/anjaekstroem.dk\/wp-content\/uploads\/2024\/09\/Hero-1-2048x1354xxxx.png\",\"contentUrl\":\"https:\/\/anjaekstroem.dk\/wp-content\/uploads\/2024\/09\/Hero-1-2048x1354xxxx.png\",\"width\":1600,\"height\":1058},{\"@type\":\"BreadcrumbList\",\"@id\":\"https:\/\/anjaekstroem.dk\/cases\/pilou-asbaek-pressebilleder-og-portraetter\/#breadcrumb\",\"itemListElement\":[{\"@type\":\"ListItem\",\"position\":1,\"name\":\"Hjem\",\"item\":\"https:\/\/anjaekstroem.dk\/\"},{\"@type\":\"ListItem\",\"position\":2,\"name\":\"Pilou Asb\u00e6k &#8211; Pressebilleder og portr\u00e6tter\"}]},{\"@type\":\"WebSite\",\"@id\":\"https:\/\/anjaekstroem.dk\/#website\",\"url\":\"https:\/\/anjaekstroem.dk\/\",\"name\":\"Anja Ekstr\u00f8m Creative\",\"description\":\"Fotograf med sj\u00e6l\",\"publisher\":{\"@id\":\"https:\/\/anjaekstroem.dk\/#organization\"},\"potentialAction\":[{\"@type\":\"SearchAction\",\"target\":{\"@type\":\"EntryPoint\",\"urlTemplate\":\"https:\/\/anjaekstroem.dk\/?s={search_term_string}\"},\"query-input\":{\"@type\":\"PropertyValueSpecification\",\"valueRequired\":true,\"valueName\":\"search_term_string\"}}],\"inLanguage\":\"en-GB\"},{\"@type\":\"Organization\",\"@id\":\"https:\/\/anjaekstroem.dk\/#organization\",\"name\":\"Anja Ekstr\u00f8m Creative\",\"url\":\"https:\/\/anjaekstroem.dk\/\",\"logo\":{\"@type\":\"ImageObject\",\"inLanguage\":\"en-GB\",\"@id\":\"https:\/\/anjaekstroem.dk\/#\/schema\/logo\/image\/\",\"url\":\"https:\/\/anjaekstroem.dk\/wp-content\/uploads\/2021\/10\/AnjaEkstroem-03.png\",\"contentUrl\":\"https:\/\/anjaekstroem.dk\/wp-content\/uploads\/2021\/10\/AnjaEkstroem-03.png\",\"width\":2560,\"height\":662,\"caption\":\"Anja Ekstr\u00f8m Creative\"},\"image\":{\"@id\":\"https:\/\/anjaekstroem.dk\/#\/schema\/logo\/image\/\"}}]}<\/script>\n<!-- \/ Yoast SEO plugin. -->","yoast_head_json":{"title":"Pilou Asb\u00e6k - Pressebilleder og portr\u00e6tter - Anja Ekstr\u00f8m Creative","description":"Pilou Asb\u00e6k pressebilleder og portr\u00e6tter. En portr\u00e6tserie jeg er meget glad for, fordi den viser Pilou som mennesket bag det store talent.","robots":{"index":"index","follow":"follow","max-snippet":"max-snippet:-1","max-image-preview":"max-image-preview:large","max-video-preview":"max-video-preview:-1"},"canonical":"https:\/\/anjaekstroem.dk\/en\/cases\/pilou-asbaek-press-photos-and-portraits\/","og_locale":"en_GB","og_type":"article","og_title":"Pilou Asb\u00e6k - Pressebilleder og portr\u00e6tter - Anja Ekstr\u00f8m Creative","og_description":"Pilou Asb\u00e6k pressebilleder og portr\u00e6tter. En portr\u00e6tserie jeg er meget glad for, fordi den viser Pilou som mennesket bag det store talent.","og_url":"https:\/\/anjaekstroem.dk\/en\/cases\/pilou-asbaek-press-photos-and-portraits\/","og_site_name":"Anja Ekstr\u00f8m Creative","article_modified_time":"2024-09-30T09:30:33+00:00","og_image":[{"width":1600,"height":1058,"url":"https:\/\/anjaekstroem.dk\/wp-content\/uploads\/2024\/09\/Hero-1-2048x1354xxxx.png","type":"image\/png"}],"twitter_card":"summary_large_image","twitter_misc":{"Estimated reading time":"1 minute"},"schema":{"@context":"https:\/\/schema.org","@graph":[{"@type":"WebPage","@id":"https:\/\/anjaekstroem.dk\/cases\/pilou-asbaek-pressebilleder-og-portraetter\/","url":"https:\/\/anjaekstroem.dk\/cases\/pilou-asbaek-pressebilleder-og-portraetter\/","name":"Pilou Asb\u00e6k - Pressebilleder og portr\u00e6tter - Anja Ekstr\u00f8m Creative","isPartOf":{"@id":"https:\/\/anjaekstroem.dk\/#website"},"primaryImageOfPage":{"@id":"https:\/\/anjaekstroem.dk\/cases\/pilou-asbaek-pressebilleder-og-portraetter\/#primaryimage"},"image":{"@id":"https:\/\/anjaekstroem.dk\/cases\/pilou-asbaek-pressebilleder-og-portraetter\/#primaryimage"},"thumbnailUrl":"https:\/\/anjaekstroem.dk\/wp-content\/uploads\/2024\/09\/Hero-1-2048x1354xxxx.png","datePublished":"2024-09-18T04:52:19+00:00","dateModified":"2024-09-30T09:30:33+00:00","description":"Pilou Asb\u00e6k pressebilleder og portr\u00e6tter. En portr\u00e6tserie jeg er meget glad for, fordi den viser Pilou som mennesket bag det store talent.","breadcrumb":{"@id":"https:\/\/anjaekstroem.dk\/cases\/pilou-asbaek-pressebilleder-og-portraetter\/#breadcrumb"},"inLanguage":"en-GB","potentialAction":[{"@type":"ReadAction","target":["https:\/\/anjaekstroem.dk\/cases\/pilou-asbaek-pressebilleder-og-portraetter\/"]}]},{"@type":"ImageObject","inLanguage":"en-GB","@id":"https:\/\/anjaekstroem.dk\/cases\/pilou-asbaek-pressebilleder-og-portraetter\/#primaryimage","url":"https:\/\/anjaekstroem.dk\/wp-content\/uploads\/2024\/09\/Hero-1-2048x1354xxxx.png","contentUrl":"https:\/\/anjaekstroem.dk\/wp-content\/uploads\/2024\/09\/Hero-1-2048x1354xxxx.png","width":1600,"height":1058},{"@type":"BreadcrumbList","@id":"https:\/\/anjaekstroem.dk\/cases\/pilou-asbaek-pressebilleder-og-portraetter\/#breadcrumb","itemListElement":[{"@type":"ListItem","position":1,"name":"Hjem","item":"https:\/\/anjaekstroem.dk\/"},{"@type":"ListItem","position":2,"name":"Pilou Asb\u00e6k &#8211; Pressebilleder og portr\u00e6tter"}]},{"@type":"WebSite","@id":"https:\/\/anjaekstroem.dk\/#website","url":"https:\/\/anjaekstroem.dk\/","name":"Anja Ekstr\u00f8m Creative","description":"Fotograf med sj\u00e6l","publisher":{"@id":"https:\/\/anjaekstroem.dk\/#organization"},"potentialAction":[{"@type":"SearchAction","target":{"@type":"EntryPoint","urlTemplate":"https:\/\/anjaekstroem.dk\/?s={search_term_string}"},"query-input":{"@type":"PropertyValueSpecification","valueRequired":true,"valueName":"search_term_string"}}],"inLanguage":"en-GB"},{"@type":"Organization","@id":"https:\/\/anjaekstroem.dk\/#organization","name":"Anja Ekstr\u00f8m Creative","url":"https:\/\/anjaekstroem.dk\/","logo":{"@type":"ImageObject","inLanguage":"en-GB","@id":"https:\/\/anjaekstroem.dk\/#\/schema\/logo\/image\/","url":"https:\/\/anjaekstroem.dk\/wp-content\/uploads\/2021\/10\/AnjaEkstroem-03.png","contentUrl":"https:\/\/anjaekstroem.dk\/wp-content\/uploads\/2021\/10\/AnjaEkstroem-03.png","width":2560,"height":662,"caption":"Anja Ekstr\u00f8m Creative"},"image":{"@id":"https:\/\/anjaekstroem.dk\/#\/schema\/logo\/image\/"}}]}},"_links":{"self":[{"href":"https:\/\/anjaekstroem.dk\/en\/wp-json\/wp\/v2\/cases\/6910","targetHints":{"allow":["GET"]}}],"collection":[{"href":"https:\/\/anjaekstroem.dk\/en\/wp-json\/wp\/v2\/cases"}],"about":[{"href":"https:\/\/anjaekstroem.dk\/en\/wp-json\/wp\/v2\/types\/cases"}],"wp:featuredmedia":[{"embeddable":true,"href":"https:\/\/anjaekstroem.dk\/en\/wp-json\/wp\/v2\/media\/9566"}],"wp:attachment":[{"href":"https:\/\/anjaekstroem.dk\/en\/wp-json\/wp\/v2\/media?parent=6910"}],"wp:term":[{"taxonomy":"category","embeddable":true,"href":"https:\/\/anjaekstroem.dk\/en\/wp-json\/wp\/v2\/categories?post=6910"}],"curies":[{"name":"wp","href":"https:\/\/api.w.org\/{rel}","templated":true}]}}

Pilou Asbæk – Press photos and portraits

<!-- This site is optimized with the Yoast SEO plugin v23.5 - https://yoast.com/wordpress/plugins/seo/ -->
<title>Pilou Asbæk - Pressebilleder og portrætter - Anja Ekstrøm Creative</title>
<meta name="description" content="Pilou Asbæk pressebilleder og portrætter. En portrætserie jeg er meget glad for, fordi den viser Pilou som mennesket bag det store talent." />
<meta name="robots" content="index, follow, max-snippet:-1, max-image-preview:large, max-video-preview:-1" />
<link rel="canonical" href="https://anjaekstroem.dk/en/cases/pilou-asbaek-press-photos-and-portraits/" />
<meta property="og:locale" content="en_GB" />
<meta property="og:type" content="article" />
<meta property="og:title" content="Pilou Asbæk - Pressebilleder og portrætter - Anja Ekstrøm Creative" />
<meta property="og:description" content="Pilou Asbæk pressebilleder og portrætter. En portrætserie jeg er meget glad for, fordi den viser Pilou som mennesket bag det store talent." />
<meta property="og:url" content="https://anjaekstroem.dk/en/cases/pilou-asbaek-press-photos-and-portraits/" />
<meta property="og:site_name" content="Anja Ekstrøm Creative" />
<meta property="article:modified_time" content="2024-09-30T09:30:33+00:00" />
<meta property="og:image" content="https://anjaekstroem.dk/wp-content/uploads/2024/09/Hero-1-2048x1354xxxx.png" />
	<meta property="og:image:width" content="1600" />
	<meta property="og:image:height" content="1058" />
	<meta property="og:image:type" content="image/png" />
<meta name="twitter:card" content="summary_large_image" />
<meta name="twitter:label1" content="Estimated reading time" />
	<meta name="twitter:data1" content="1 minute" />
<script type="application/ld+json" class="yoast-schema-graph">{"@context":"https://schema.org","@graph":[{"@type":"WebPage","@id":"https://anjaekstroem.dk/cases/pilou-asbaek-pressebilleder-og-portraetter/","url":"https://anjaekstroem.dk/cases/pilou-asbaek-pressebilleder-og-portraetter/","name":"Pilou Asbæk - Pressebilleder og portrætter - Anja Ekstrøm Creative","isPartOf":{"@id":"https://anjaekstroem.dk/#website"},"primaryImageOfPage":{"@id":"https://anjaekstroem.dk/cases/pilou-asbaek-pressebilleder-og-portraetter/#primaryimage"},"image":{"@id":"https://anjaekstroem.dk/cases/pilou-asbaek-pressebilleder-og-portraetter/#primaryimage"},"thumbnailUrl":"https://anjaekstroem.dk/wp-content/uploads/2024/09/Hero-1-2048x1354xxxx.png","datePublished":"2024-09-18T04:52:19+00:00","dateModified":"2024-09-30T09:30:33+00:00","description":"Pilou Asbæk pressebilleder og portrætter. En portrætserie jeg er meget glad for, fordi den viser Pilou som mennesket bag det store talent.","breadcrumb":{"@id":"https://anjaekstroem.dk/cases/pilou-asbaek-pressebilleder-og-portraetter/#breadcrumb"},"inLanguage":"en-GB","potentialAction":[{"@type":"ReadAction","target":["https://anjaekstroem.dk/cases/pilou-asbaek-pressebilleder-og-portraetter/"]}]},{"@type":"ImageObject","inLanguage":"en-GB","@id":"https://anjaekstroem.dk/cases/pilou-asbaek-pressebilleder-og-portraetter/#primaryimage","url":"https://anjaekstroem.dk/wp-content/uploads/2024/09/Hero-1-2048x1354xxxx.png","contentUrl":"https://anjaekstroem.dk/wp-content/uploads/2024/09/Hero-1-2048x1354xxxx.png","width":1600,"height":1058},{"@type":"BreadcrumbList","@id":"https://anjaekstroem.dk/cases/pilou-asbaek-pressebilleder-og-portraetter/#breadcrumb","itemListElement":[{"@type":"ListItem","position":1,"name":"Hjem","item":"https://anjaekstroem.dk/"},{"@type":"ListItem","position":2,"name":"Pilou Asbæk &#8211; Pressebilleder og portrætter"}]},{"@type":"WebSite","@id":"https://anjaekstroem.dk/#website","url":"https://anjaekstroem.dk/","name":"Anja Ekstrøm Creative","description":"Fotograf med sjæl","publisher":{"@id":"https://anjaekstroem.dk/#organization"},"potentialAction":[{"@type":"SearchAction","target":{"@type":"EntryPoint","urlTemplate":"https://anjaekstroem.dk/?s={search_term_string}"},"query-input":{"@type":"PropertyValueSpecification","valueRequired":true,"valueName":"search_term_string"}}],"inLanguage":"en-GB"},{"@type":"Organization","@id":"https://anjaekstroem.dk/#organization","name":"Anja Ekstrøm Creative","url":"https://anjaekstroem.dk/","logo":{"@type":"ImageObject","inLanguage":"en-GB","@id":"https://anjaekstroem.dk/#/schema/logo/image/","url":"https://anjaekstroem.dk/wp-content/uploads/2021/10/AnjaEkstroem-03.png","contentUrl":"https://anjaekstroem.dk/wp-content/uploads/2021/10/AnjaEkstroem-03.png","width":2560,"height":662,"caption":"Anja Ekstrøm Creative"},"image":{"@id":"https://anjaekstroem.dk/#/schema/logo/image/"}}]}</script>
<!-- / Yoast SEO plugin. -->

Pilou Asbæk - Pressebilleder og portrætter - Anja Ekstrøm Creative

Pilou Asbæk pressebilleder og portrætter. En portrætserie jeg er meget glad for, fordi den viser Pilou som mennesket bag det store talent.

Anja Ekstrøm Creative

Pilou Asbæk &#8211; Pressebilleder og portrætter

Fotograf med sjæl
