{"id":10627,"date":"2022-11-15T14:38:00","date_gmt":"2022-11-15T12:38:00","guid":{"rendered":"https:\/\/anjaekstroem.dk\/?post_type=bootcamp&#038;p=10627"},"modified":"2024-10-17T19:35:34","modified_gmt":"2024-10-17T17:35:34","slug":"fotograf-bootcamp-i-spanien-november-2022","status":"publish","type":"bootcamp","link":"https:\/\/anjaekstroem.dk\/en\/bootcamp\/photographer-bootcamp-in-spain-november-2022\/","title":{"rendered":"Photographer Bootcamp in Spain \u2013 November 2022"},"content":{"rendered":"<p>Follow along with what we experienced during the week, as each bootcamp contains different elements. I tailor the teaching to the team in front of me, based on level, wishes and opportunities for improvement.<\/p><p>This week featured 3 lovely ladies \u2013 one was a brand new photographer, one was in training and the last has photography for a living and is a professional. That is why there are several levels in the teaching, but this just proves that EVERYONE can participate and EVERYONE gets something for their money<\/p><p>In the mornings, I taught how to use Scrim, how to use a reflector, and how to make mixed light between daylight and a lamp. The team got some basic knowledge about the photo technique and so they could practice shooting on &quot;manual&quot; during the week ahead of us.<\/p><p><strong>Photoshoots\/hands on training:<\/strong><\/p><p>Every day there is a beautiful photoshoot planned with a top professional model. Different styles are always chosen for these photoshoots and the models are booked according to that schedule<\/p><p>There is plenty of practice in instructing the model to bring out the expression we wanted in the given mood and vibe. It&#039;s about beautiful dresses, waves in the hair and (almost) a martini in hand. It can also be luxury bohemian, classy swimwear, men&#039;s fashion and much, much more.... <\/p><p>We reviewed daily who the model is and what styling is planned, so that everyone has an idea of what they want from the afternoon&#039;s photoshoot. Don&#039;t worry - I&#039;m on the &quot;wing&quot; all the way through to instruct and advise.<\/p><h3 class=\"wp-block-heading\">See how cozy we are:<\/h3><figure class=\"wp-block-embed is-type-video is-provider-youtube wp-block-embed-youtube wp-embed-aspect-16-9 wp-has-aspect-ratio\"><div class=\"wp-block-embed__wrapper\">\n<iframe title=\"Anja Ekstr\u00f8m Photography Bootcamp - Spain\" width=\"800\" height=\"450\" src=\"https:\/\/www.youtube.com\/embed\/zfSKMcbSCI4?feature=oembed\" frameborder=\"0\" allow=\"accelerometer; autoplay; clipboard-write; encrypted-media; gyroscope; picture-in-picture; web-share\" referrerpolicy=\"strict-origin-when-cross-origin\" allowfullscreen><\/iframe>\n<\/div><\/figure>","protected":false},"author":3,"featured_media":3855,"template":"","format":"standard","meta":{"_acf_changed":true,"iawp_total_views":44},"categories":[122,36],"class_list":["post-10627","bootcamp","type-bootcamp","status-publish","format-standard","has-post-thumbnail","hentry","category-afholdt-bootcamp","category-bootcamp"],"acf":[],"yoast_head":"<!-- This site is optimized with the Yoast SEO plugin v23.5 - https:\/\/yoast.com\/wordpress\/plugins\/seo\/ -->\n<title>Fotograf Bootcamp i Spanien - November 2022 - Anja Ekstr\u00f8m Creative<\/title>\n<meta name=\"description\" content=\"Fotograf Bootcamp i Spanien - November 2022. Min aller f\u00f8rste bootcamp blev afholdt med 3 sk\u00f8nne kvinder i forskellige niveauer af fotografi.\" \/>\n<meta name=\"robots\" content=\"index, follow, max-snippet:-1, max-image-preview:large, max-video-preview:-1\" \/>\n<link rel=\"canonical\" href=\"https:\/\/anjaekstroem.dk\/en\/bootcamp\/photographer-bootcamp-in-spain-november-2022\/\" \/>\n<meta property=\"og:locale\" content=\"en_GB\" \/>\n<meta property=\"og:type\" content=\"article\" \/>\n<meta property=\"og:title\" content=\"Fotograf Bootcamp i Spanien - November 2022 - Anja Ekstr\u00f8m Creative\" \/>\n<meta property=\"og:description\" content=\"Fotograf Bootcamp i Spanien - November 2022. Min aller f\u00f8rste bootcamp blev afholdt med 3 sk\u00f8nne kvinder i forskellige niveauer af fotografi.\" \/>\n<meta property=\"og:url\" content=\"https:\/\/anjaekstroem.dk\/en\/bootcamp\/photographer-bootcamp-in-spain-november-2022\/\" \/>\n<meta property=\"og:site_name\" content=\"Anja Ekstr\u00f8m Creative\" \/>\n<meta property=\"article:modified_time\" content=\"2024-10-17T17:35:34+00:00\" \/>\n<meta property=\"og:image\" content=\"https:\/\/anjaekstroem.dk\/wp-content\/uploads\/2022\/12\/Billede-16.11.2022-17.13.04-scaled-1.jpg\" \/>\n\t<meta property=\"og:image:width\" content=\"2560\" \/>\n\t<meta property=\"og:image:height\" content=\"1920\" \/>\n\t<meta property=\"og:image:type\" content=\"image\/jpeg\" \/>\n<meta name=\"twitter:card\" content=\"summary_large_image\" \/>\n<meta name=\"twitter:label1\" content=\"Estimated reading time\" \/>\n\t<meta name=\"twitter:data1\" content=\"2 minutes\" \/>\n<script type=\"application\/ld+json\" class=\"yoast-schema-graph\">{\"@context\":\"https:\/\/schema.org\",\"@graph\":[{\"@type\":\"WebPage\",\"@id\":\"https:\/\/anjaekstroem.dk\/bootcamp\/fotograf-bootcamp-i-spanien-november-2022\/\",\"url\":\"https:\/\/anjaekstroem.dk\/bootcamp\/fotograf-bootcamp-i-spanien-november-2022\/\",\"name\":\"Fotograf Bootcamp i Spanien - November 2022 - Anja Ekstr\u00f8m Creative\",\"isPartOf\":{\"@id\":\"https:\/\/anjaekstroem.dk\/#website\"},\"primaryImageOfPage\":{\"@id\":\"https:\/\/anjaekstroem.dk\/bootcamp\/fotograf-bootcamp-i-spanien-november-2022\/#primaryimage\"},\"image\":{\"@id\":\"https:\/\/anjaekstroem.dk\/bootcamp\/fotograf-bootcamp-i-spanien-november-2022\/#primaryimage\"},\"thumbnailUrl\":\"https:\/\/anjaekstroem.dk\/wp-content\/uploads\/2022\/12\/Billede-16.11.2022-17.13.04-scaled-1.jpg\",\"datePublished\":\"2022-11-15T12:38:00+00:00\",\"dateModified\":\"2024-10-17T17:35:34+00:00\",\"description\":\"Fotograf Bootcamp i Spanien - November 2022. Min aller f\u00f8rste bootcamp blev afholdt med 3 sk\u00f8nne kvinder i forskellige niveauer af fotografi.\",\"breadcrumb\":{\"@id\":\"https:\/\/anjaekstroem.dk\/bootcamp\/fotograf-bootcamp-i-spanien-november-2022\/#breadcrumb\"},\"inLanguage\":\"en-GB\",\"potentialAction\":[{\"@type\":\"ReadAction\",\"target\":[\"https:\/\/anjaekstroem.dk\/bootcamp\/fotograf-bootcamp-i-spanien-november-2022\/\"]}]},{\"@type\":\"ImageObject\",\"inLanguage\":\"en-GB\",\"@id\":\"https:\/\/anjaekstroem.dk\/bootcamp\/fotograf-bootcamp-i-spanien-november-2022\/#primaryimage\",\"url\":\"https:\/\/anjaekstroem.dk\/wp-content\/uploads\/2022\/12\/Billede-16.11.2022-17.13.04-scaled-1.jpg\",\"contentUrl\":\"https:\/\/anjaekstroem.dk\/wp-content\/uploads\/2022\/12\/Billede-16.11.2022-17.13.04-scaled-1.jpg\",\"width\":2560,\"height\":1920,\"caption\":\"Fotografisk bootcamp i Spanien med Anja Ekstr\u00f8m\"},{\"@type\":\"BreadcrumbList\",\"@id\":\"https:\/\/anjaekstroem.dk\/bootcamp\/fotograf-bootcamp-i-spanien-november-2022\/#breadcrumb\",\"itemListElement\":[{\"@type\":\"ListItem\",\"position\":1,\"name\":\"Hjem\",\"item\":\"https:\/\/anjaekstroem.dk\/\"},{\"@type\":\"ListItem\",\"position\":2,\"name\":\"Fotograf Bootcamp i Spanien &#8211; November 2022\"}]},{\"@type\":\"WebSite\",\"@id\":\"https:\/\/anjaekstroem.dk\/#website\",\"url\":\"https:\/\/anjaekstroem.dk\/\",\"name\":\"Anja Ekstr\u00f8m Creative\",\"description\":\"Fotograf med sj\u00e6l\",\"publisher\":{\"@id\":\"https:\/\/anjaekstroem.dk\/#organization\"},\"potentialAction\":[{\"@type\":\"SearchAction\",\"target\":{\"@type\":\"EntryPoint\",\"urlTemplate\":\"https:\/\/anjaekstroem.dk\/?s={search_term_string}\"},\"query-input\":{\"@type\":\"PropertyValueSpecification\",\"valueRequired\":true,\"valueName\":\"search_term_string\"}}],\"inLanguage\":\"en-GB\"},{\"@type\":\"Organization\",\"@id\":\"https:\/\/anjaekstroem.dk\/#organization\",\"name\":\"Anja Ekstr\u00f8m Creative\",\"url\":\"https:\/\/anjaekstroem.dk\/\",\"logo\":{\"@type\":\"ImageObject\",\"inLanguage\":\"en-GB\",\"@id\":\"https:\/\/anjaekstroem.dk\/#\/schema\/logo\/image\/\",\"url\":\"https:\/\/anjaekstroem.dk\/wp-content\/uploads\/2021\/10\/AnjaEkstroem-03.png\",\"contentUrl\":\"https:\/\/anjaekstroem.dk\/wp-content\/uploads\/2021\/10\/AnjaEkstroem-03.png\",\"width\":2560,\"height\":662,\"caption\":\"Anja Ekstr\u00f8m Creative\"},\"image\":{\"@id\":\"https:\/\/anjaekstroem.dk\/#\/schema\/logo\/image\/\"}}]}<\/script>\n<!-- \/ Yoast SEO plugin. -->","yoast_head_json":{"title":"Fotograf Bootcamp i Spanien - November 2022 - Anja Ekstr\u00f8m Creative","description":"Fotograf Bootcamp i Spanien - November 2022. Min aller f\u00f8rste bootcamp blev afholdt med 3 sk\u00f8nne kvinder i forskellige niveauer af fotografi.","robots":{"index":"index","follow":"follow","max-snippet":"max-snippet:-1","max-image-preview":"max-image-preview:large","max-video-preview":"max-video-preview:-1"},"canonical":"https:\/\/anjaekstroem.dk\/en\/bootcamp\/photographer-bootcamp-in-spain-november-2022\/","og_locale":"en_GB","og_type":"article","og_title":"Fotograf Bootcamp i Spanien - November 2022 - Anja Ekstr\u00f8m Creative","og_description":"Fotograf Bootcamp i Spanien - November 2022. Min aller f\u00f8rste bootcamp blev afholdt med 3 sk\u00f8nne kvinder i forskellige niveauer af fotografi.","og_url":"https:\/\/anjaekstroem.dk\/en\/bootcamp\/photographer-bootcamp-in-spain-november-2022\/","og_site_name":"Anja Ekstr\u00f8m Creative","article_modified_time":"2024-10-17T17:35:34+00:00","og_image":[{"width":2560,"height":1920,"url":"https:\/\/anjaekstroem.dk\/wp-content\/uploads\/2022\/12\/Billede-16.11.2022-17.13.04-scaled-1.jpg","type":"image\/jpeg"}],"twitter_card":"summary_large_image","twitter_misc":{"Estimated reading time":"2 minutes"},"schema":{"@context":"https:\/\/schema.org","@graph":[{"@type":"WebPage","@id":"https:\/\/anjaekstroem.dk\/bootcamp\/fotograf-bootcamp-i-spanien-november-2022\/","url":"https:\/\/anjaekstroem.dk\/bootcamp\/fotograf-bootcamp-i-spanien-november-2022\/","name":"Fotograf Bootcamp i Spanien - November 2022 - Anja Ekstr\u00f8m Creative","isPartOf":{"@id":"https:\/\/anjaekstroem.dk\/#website"},"primaryImageOfPage":{"@id":"https:\/\/anjaekstroem.dk\/bootcamp\/fotograf-bootcamp-i-spanien-november-2022\/#primaryimage"},"image":{"@id":"https:\/\/anjaekstroem.dk\/bootcamp\/fotograf-bootcamp-i-spanien-november-2022\/#primaryimage"},"thumbnailUrl":"https:\/\/anjaekstroem.dk\/wp-content\/uploads\/2022\/12\/Billede-16.11.2022-17.13.04-scaled-1.jpg","datePublished":"2022-11-15T12:38:00+00:00","dateModified":"2024-10-17T17:35:34+00:00","description":"Fotograf Bootcamp i Spanien - November 2022. Min aller f\u00f8rste bootcamp blev afholdt med 3 sk\u00f8nne kvinder i forskellige niveauer af fotografi.","breadcrumb":{"@id":"https:\/\/anjaekstroem.dk\/bootcamp\/fotograf-bootcamp-i-spanien-november-2022\/#breadcrumb"},"inLanguage":"en-GB","potentialAction":[{"@type":"ReadAction","target":["https:\/\/anjaekstroem.dk\/bootcamp\/fotograf-bootcamp-i-spanien-november-2022\/"]}]},{"@type":"ImageObject","inLanguage":"en-GB","@id":"https:\/\/anjaekstroem.dk\/bootcamp\/fotograf-bootcamp-i-spanien-november-2022\/#primaryimage","url":"https:\/\/anjaekstroem.dk\/wp-content\/uploads\/2022\/12\/Billede-16.11.2022-17.13.04-scaled-1.jpg","contentUrl":"https:\/\/anjaekstroem.dk\/wp-content\/uploads\/2022\/12\/Billede-16.11.2022-17.13.04-scaled-1.jpg","width":2560,"height":1920,"caption":"Fotografisk bootcamp i Spanien med Anja Ekstr\u00f8m"},{"@type":"BreadcrumbList","@id":"https:\/\/anjaekstroem.dk\/bootcamp\/fotograf-bootcamp-i-spanien-november-2022\/#breadcrumb","itemListElement":[{"@type":"ListItem","position":1,"name":"Hjem","item":"https:\/\/anjaekstroem.dk\/"},{"@type":"ListItem","position":2,"name":"Fotograf Bootcamp i Spanien &#8211; November 2022"}]},{"@type":"WebSite","@id":"https:\/\/anjaekstroem.dk\/#website","url":"https:\/\/anjaekstroem.dk\/","name":"Anja Ekstr\u00f8m Creative","description":"Fotograf med sj\u00e6l","publisher":{"@id":"https:\/\/anjaekstroem.dk\/#organization"},"potentialAction":[{"@type":"SearchAction","target":{"@type":"EntryPoint","urlTemplate":"https:\/\/anjaekstroem.dk\/?s={search_term_string}"},"query-input":{"@type":"PropertyValueSpecification","valueRequired":true,"valueName":"search_term_string"}}],"inLanguage":"en-GB"},{"@type":"Organization","@id":"https:\/\/anjaekstroem.dk\/#organization","name":"Anja Ekstr\u00f8m Creative","url":"https:\/\/anjaekstroem.dk\/","logo":{"@type":"ImageObject","inLanguage":"en-GB","@id":"https:\/\/anjaekstroem.dk\/#\/schema\/logo\/image\/","url":"https:\/\/anjaekstroem.dk\/wp-content\/uploads\/2021\/10\/AnjaEkstroem-03.png","contentUrl":"https:\/\/anjaekstroem.dk\/wp-content\/uploads\/2021\/10\/AnjaEkstroem-03.png","width":2560,"height":662,"caption":"Anja Ekstr\u00f8m Creative"},"image":{"@id":"https:\/\/anjaekstroem.dk\/#\/schema\/logo\/image\/"}}]}},"_links":{"self":[{"href":"https:\/\/anjaekstroem.dk\/en\/wp-json\/wp\/v2\/bootcamp\/10627","targetHints":{"allow":["GET"]}}],"collection":[{"href":"https:\/\/anjaekstroem.dk\/en\/wp-json\/wp\/v2\/bootcamp"}],"about":[{"href":"https:\/\/anjaekstroem.dk\/en\/wp-json\/wp\/v2\/types\/bootcamp"}],"author":[{"embeddable":true,"href":"https:\/\/anjaekstroem.dk\/en\/wp-json\/wp\/v2\/users\/3"}],"wp:featuredmedia":[{"embeddable":true,"href":"https:\/\/anjaekstroem.dk\/en\/wp-json\/wp\/v2\/media\/3855"}],"wp:attachment":[{"href":"https:\/\/anjaekstroem.dk\/en\/wp-json\/wp\/v2\/media?parent=10627"}],"wp:term":[{"taxonomy":"category","embeddable":true,"href":"https:\/\/anjaekstroem.dk\/en\/wp-json\/wp\/v2\/categories?post=10627"}],"curies":[{"name":"wp","href":"https:\/\/api.w.org\/{rel}","templated":true}]}}

<p>Follow along with what we experienced during the week, as each bootcamp contains different elements. I tailor the teaching to the team in front of me, based on level, wishes and opportunities for improvement.</p><p>This week featured 3 lovely ladies – one was a brand new photographer, one was in training and the last has photography for a living and is a professional. That is why there are several levels in the teaching, but this just proves that EVERYONE can participate and EVERYONE gets something for their money</p><p>In the mornings, I taught how to use Scrim, how to use a reflector, and how to make mixed light between daylight and a lamp. The team got some basic knowledge about the photo technique and so they could practice shooting on &quot;manual&quot; during the week ahead of us.</p><p><strong>Photoshoots/hands on training:</strong></p><p>Every day there is a beautiful photoshoot planned with a top professional model. Different styles are always chosen for these photoshoots and the models are booked according to that schedule</p><p>There is plenty of practice in instructing the model to bring out the expression we wanted in the given mood and vibe. It&#039;s about beautiful dresses, waves in the hair and (almost) a martini in hand. It can also be luxury bohemian, classy swimwear, men&#039;s fashion and much, much more.... </p><p>We reviewed daily who the model is and what styling is planned, so that everyone has an idea of what they want from the afternoon&#039;s photoshoot. Don&#039;t worry - I&#039;m on the &quot;wing&quot; all the way through to instruct and advise.</p><h3 class="wp-block-heading">See how cozy we are:</h3><figure class="wp-block-embed is-type-video is-provider-youtube wp-block-embed-youtube wp-embed-aspect-16-9 wp-has-aspect-ratio"><div class="wp-block-embed__wrapper">
<iframe title="Anja Ekstrøm Photography Bootcamp - Spain" width="800" height="450" src="https://www.youtube.com/embed/zfSKMcbSCI4?feature=oembed" frameborder="0" allow="accelerometer; autoplay; clipboard-write; encrypted-media; gyroscope; picture-in-picture; web-share" referrerpolicy="strict-origin-when-cross-origin" allowfullscreen></iframe>
</div></figure>

<!-- This site is optimized with the Yoast SEO plugin v23.5 - https://yoast.com/wordpress/plugins/seo/ -->
<title>Fotograf Bootcamp i Spanien - November 2022 - Anja Ekstrøm Creative</title>
<meta name="description" content="Fotograf Bootcamp i Spanien - November 2022. Min aller første bootcamp blev afholdt med 3 skønne kvinder i forskellige niveauer af fotografi." />
<meta name="robots" content="index, follow, max-snippet:-1, max-image-preview:large, max-video-preview:-1" />
<link rel="canonical" href="https://anjaekstroem.dk/en/bootcamp/photographer-bootcamp-in-spain-november-2022/" />
<meta property="og:locale" content="en_GB" />
<meta property="og:type" content="article" />
<meta property="og:title" content="Fotograf Bootcamp i Spanien - November 2022 - Anja Ekstrøm Creative" />
<meta property="og:description" content="Fotograf Bootcamp i Spanien - November 2022. Min aller første bootcamp blev afholdt med 3 skønne kvinder i forskellige niveauer af fotografi." />
<meta property="og:url" content="https://anjaekstroem.dk/en/bootcamp/photographer-bootcamp-in-spain-november-2022/" />
<meta property="og:site_name" content="Anja Ekstrøm Creative" />
<meta property="article:modified_time" content="2024-10-17T17:35:34+00:00" />
<meta property="og:image" content="https://anjaekstroem.dk/wp-content/uploads/2022/12/Billede-16.11.2022-17.13.04-scaled-1.jpg" />
	<meta property="og:image:width" content="2560" />
	<meta property="og:image:height" content="1920" />
	<meta property="og:image:type" content="image/jpeg" />
<meta name="twitter:card" content="summary_large_image" />
<meta name="twitter:label1" content="Estimated reading time" />
	<meta name="twitter:data1" content="2 minutes" />
<script type="application/ld+json" class="yoast-schema-graph">{"@context":"https://schema.org","@graph":[{"@type":"WebPage","@id":"https://anjaekstroem.dk/bootcamp/fotograf-bootcamp-i-spanien-november-2022/","url":"https://anjaekstroem.dk/bootcamp/fotograf-bootcamp-i-spanien-november-2022/","name":"Fotograf Bootcamp i Spanien - November 2022 - Anja Ekstrøm Creative","isPartOf":{"@id":"https://anjaekstroem.dk/#website"},"primaryImageOfPage":{"@id":"https://anjaekstroem.dk/bootcamp/fotograf-bootcamp-i-spanien-november-2022/#primaryimage"},"image":{"@id":"https://anjaekstroem.dk/bootcamp/fotograf-bootcamp-i-spanien-november-2022/#primaryimage"},"thumbnailUrl":"https://anjaekstroem.dk/wp-content/uploads/2022/12/Billede-16.11.2022-17.13.04-scaled-1.jpg","datePublished":"2022-11-15T12:38:00+00:00","dateModified":"2024-10-17T17:35:34+00:00","description":"Fotograf Bootcamp i Spanien - November 2022. Min aller første bootcamp blev afholdt med 3 skønne kvinder i forskellige niveauer af fotografi.","breadcrumb":{"@id":"https://anjaekstroem.dk/bootcamp/fotograf-bootcamp-i-spanien-november-2022/#breadcrumb"},"inLanguage":"en-GB","potentialAction":[{"@type":"ReadAction","target":["https://anjaekstroem.dk/bootcamp/fotograf-bootcamp-i-spanien-november-2022/"]}]},{"@type":"ImageObject","inLanguage":"en-GB","@id":"https://anjaekstroem.dk/bootcamp/fotograf-bootcamp-i-spanien-november-2022/#primaryimage","url":"https://anjaekstroem.dk/wp-content/uploads/2022/12/Billede-16.11.2022-17.13.04-scaled-1.jpg","contentUrl":"https://anjaekstroem.dk/wp-content/uploads/2022/12/Billede-16.11.2022-17.13.04-scaled-1.jpg","width":2560,"height":1920,"caption":"Fotografisk bootcamp i Spanien med Anja Ekstrøm"},{"@type":"BreadcrumbList","@id":"https://anjaekstroem.dk/bootcamp/fotograf-bootcamp-i-spanien-november-2022/#breadcrumb","itemListElement":[{"@type":"ListItem","position":1,"name":"Hjem","item":"https://anjaekstroem.dk/"},{"@type":"ListItem","position":2,"name":"Fotograf Bootcamp i Spanien &#8211; November 2022"}]},{"@type":"WebSite","@id":"https://anjaekstroem.dk/#website","url":"https://anjaekstroem.dk/","name":"Anja Ekstrøm Creative","description":"Fotograf med sjæl","publisher":{"@id":"https://anjaekstroem.dk/#organization"},"potentialAction":[{"@type":"SearchAction","target":{"@type":"EntryPoint","urlTemplate":"https://anjaekstroem.dk/?s={search_term_string}"},"query-input":{"@type":"PropertyValueSpecification","valueRequired":true,"valueName":"search_term_string"}}],"inLanguage":"en-GB"},{"@type":"Organization","@id":"https://anjaekstroem.dk/#organization","name":"Anja Ekstrøm Creative","url":"https://anjaekstroem.dk/","logo":{"@type":"ImageObject","inLanguage":"en-GB","@id":"https://anjaekstroem.dk/#/schema/logo/image/","url":"https://anjaekstroem.dk/wp-content/uploads/2021/10/AnjaEkstroem-03.png","contentUrl":"https://anjaekstroem.dk/wp-content/uploads/2021/10/AnjaEkstroem-03.png","width":2560,"height":662,"caption":"Anja Ekstrøm Creative"},"image":{"@id":"https://anjaekstroem.dk/#/schema/logo/image/"}}]}</script>
<!-- / Yoast SEO plugin. -->

Fotograf Bootcamp i Spanien - November 2022 - Anja Ekstrøm Creative

Fotograf Bootcamp i Spanien - November 2022. Min aller første bootcamp blev afholdt med 3 skønne kvinder i forskellige niveauer af fotografi.

Anja Ekstrøm Creative

Fotografisk bootcamp i Spanien med Anja Ekstrøm

Fotograf med sjæl
